{"id":70737,"date":"2016-02-24T09:52:07","date_gmt":"2016-02-24T08:52:07","guid":{"rendered":"https:\/\/www.clients.horus-informatique71.fr\/advocnar_backup\/?page_id=70737"},"modified":"2023-01-25T09:42:41","modified_gmt":"2023-01-25T08:42:41","slug":"association-advocnar","status":"publish","type":"page","link":"https:\/\/www.clients.horus-informatique71.fr\/advocnar_backup\/association-advocnar\/","title":{"rendered":"L&rsquo;association"},"content":{"rendered":"<p>[vc_row type=\u00a0\u00bbcontainer\u00a0\u00bb padding_top=\u00a0\u00bb\u00a0\u00bb padding_bottom=\u00a0\u00bb\u00a0\u00bb][vc_column][vc_column_text]<\/p>\n<h2><span style=\"color: #ff0000;\">L&rsquo;association ADVOCNAR<\/span><\/h2>\n<p>L\u2019ADVOCNAR &#8211; Association de D\u00e9fense contre les Nuisances A\u00e9riennes &#8211; a \u00e9t\u00e9 cr\u00e9\u00e9e en 1986, comme force d\u2019information et de proposition pour r\u00e9duire les nuisances de l\u2019a\u00e9roport Roissy &#8211;\u00a0Charles de Gaulle et d\u00e9fendre les populations survol\u00e9es.<\/p>\n<p>R\u00e9gie par la loi du 1er juillet 1901, apolitique, elle est agr\u00e9\u00e9e protection de l\u2019environnement, ce qui permet \u00e0 ses\u00a0 adh\u00e9rents de d\u00e9duire de leurs imp\u00f4ts 66 % du montant de leur cotisation. Ainsi, sur une cotisation d&rsquo;un montant de 20 \u20ac,\u00a0seuls 6,80 \u20ac restent \u00e0 la charge de l&rsquo;adh\u00e9rent, la d\u00e9duction fiscale s&rsquo;\u00e9levant \u00e0 13,20 \u20ac.<\/p>\n<p>Son fonctionnement est assur\u00e9 par des b\u00e9n\u00e9voles, une secr\u00e9taire et un r\u00e9seau d\u2019antennes situ\u00e9es dans une vingtaine de communes. L\u2019association recherche d\u2019autres volontaires pour \u00e9largir son champ d\u2019action et convie toute personne int\u00e9ress\u00e9e \u00e0 se faire conna\u00eetre.<\/p>\n<p>Les adh\u00e9rents ayant des comp\u00e9tences sp\u00e9cifiques et un peu de temps disponible sont invit\u00e9s \u00e0 se faire conna\u00eetre aupr\u00e8s de son secr\u00e9tariat.<\/p>\n<p>[\/vc_column_text][vc_column_text]<img loading=\"lazy\" decoding=\"async\" width=\"1191\" height=\"1684\" class=\"alignleft size-full wp-image-78436\" src=\"https:\/\/www.clients.horus-informatique71.fr\/advocnar_backup\/wp-content\/uploads\/2023\/01\/Affiche-4-Welcome.jpg\" alt=\"\" srcset=\"https:\/\/www.clients.horus-informatique71.fr\/advocnar_backup\/wp-content\/uploads\/2023\/01\/Affiche-4-Welcome.jpg 1191w, https:\/\/www.clients.horus-informatique71.fr\/advocnar_backup\/wp-content\/uploads\/2023\/01\/Affiche-4-Welcome-212x300.jpg 212w, https:\/\/www.clients.horus-informatique71.fr\/advocnar_backup\/wp-content\/uploads\/2023\/01\/Affiche-4-Welcome-724x1024.jpg 724w, https:\/\/www.clients.horus-informatique71.fr\/advocnar_backup\/wp-content\/uploads\/2023\/01\/Affiche-4-Welcome-768x1086.jpg 768w, https:\/\/www.clients.horus-informatique71.fr\/advocnar_backup\/wp-content\/uploads\/2023\/01\/Affiche-4-Welcome-1086x1536.jpg 1086w\" sizes=\"(max-width: 1191px) 100vw, 1191px\" \/>[\/vc_column_text][\/vc_column][\/vc_row]<\/p>\n","protected":false},"excerpt":{"rendered":"<p>[vc_row type=\u00a0\u00bbcontainer\u00a0\u00bb padding_top=\u00a0\u00bb\u00a0\u00bb padding_bottom=\u00a0\u00bb\u00a0\u00bb][vc_column][vc_column_text] L&rsquo;association ADVOCNAR L\u2019ADVOCNAR &#8211; Association de D\u00e9fense contre les Nuisances A\u00e9riennes &#8211; a \u00e9t\u00e9 cr\u00e9\u00e9e en 1986, comme force d\u2019information et de proposition pour r\u00e9duire les nuisances de l\u2019a\u00e9roport Roissy &#8211;\u00a0Charles de Gaulle et d\u00e9fendre les populations survol\u00e9es. R\u00e9gie par la loi du 1er juillet 1901, apolitique, elle est agr\u00e9\u00e9e protection [&hellip;]<\/p>\n","protected":false},"author":18,"featured_media":0,"parent":0,"menu_order":0,"comment_status":"closed","ping_status":"closed","template":"","meta":{"footnotes":""},"yoast_head":"<!-- This site is optimized with the Yoast SEO plugin v22.0 - https:\/\/yoast.com\/wordpress\/plugins\/seo\/ -->\n<title>L\u2019association ADVOCNAR - contre les nuisances A\u00e9riennes<\/title>\n<meta name=\"description\" content=\"Son fonctionnement est assur\u00e9 par des b\u00e9n\u00e9voles, une secr\u00e9taire et un r\u00e9seau d\u2019antennessitu\u00e9es dans une vingtaine de communes.\" \/>\n<meta name=\"robots\" content=\"index, follow, max-snippet:-1, max-image-preview:large, max-video-preview:-1\" \/>\n<link rel=\"canonical\" href=\"https:\/\/www.clients.horus-informatique71.fr\/advocnar_backup\/association-advocnar\/\" \/>\n<meta property=\"og:locale\" content=\"fr_FR\" \/>\n<meta property=\"og:type\" content=\"article\" \/>\n<meta property=\"og:title\" content=\"L\u2019association ADVOCNAR - contre les nuisances A\u00e9riennes\" \/>\n<meta property=\"og:description\" content=\"Son fonctionnement est assur\u00e9 par des b\u00e9n\u00e9voles, une secr\u00e9taire et un r\u00e9seau d\u2019antennessitu\u00e9es dans une vingtaine de communes.\" \/>\n<meta property=\"og:url\" content=\"https:\/\/www.clients.horus-informatique71.fr\/advocnar_backup\/association-advocnar\/\" \/>\n<meta property=\"og:site_name\" content=\"Advocnar\" \/>\n<meta property=\"article:modified_time\" content=\"2023-01-25T08:42:41+00:00\" \/>\n<meta property=\"og:image\" content=\"https:\/\/www.clients.horus-informatique71.fr\/advocnar_backup\/wp-content\/uploads\/2023\/01\/Affiche-4-Welcome.jpg\" \/>\n<meta name=\"twitter:card\" content=\"summary_large_image\" \/>\n<meta name=\"twitter:label1\" content=\"Dur\u00e9e de lecture estim\u00e9e\" \/>\n\t<meta name=\"twitter:data1\" content=\"2 minutes\" \/>\n<script type=\"application\/ld+json\" class=\"yoast-schema-graph\">{\"@context\":\"https:\/\/schema.org\",\"@graph\":[{\"@type\":\"WebPage\",\"@id\":\"https:\/\/www.clients.horus-informatique71.fr\/advocnar_backup\/association-advocnar\/\",\"url\":\"https:\/\/www.clients.horus-informatique71.fr\/advocnar_backup\/association-advocnar\/\",\"name\":\"L\u2019association ADVOCNAR - contre les nuisances A\u00e9riennes\",\"isPartOf\":{\"@id\":\"https:\/\/www.clients.horus-informatique71.fr\/advocnar_backup\/#website\"},\"datePublished\":\"2016-02-24T08:52:07+00:00\",\"dateModified\":\"2023-01-25T08:42:41+00:00\",\"description\":\"Son fonctionnement est assur\u00e9 par des b\u00e9n\u00e9voles, une secr\u00e9taire et un r\u00e9seau d\u2019antennessitu\u00e9es dans une vingtaine de communes.\",\"breadcrumb\":{\"@id\":\"https:\/\/www.clients.horus-informatique71.fr\/advocnar_backup\/association-advocnar\/#breadcrumb\"},\"inLanguage\":\"fr-FR\",\"potentialAction\":[{\"@type\":\"ReadAction\",\"target\":[\"https:\/\/www.clients.horus-informatique71.fr\/advocnar_backup\/association-advocnar\/\"]}]},{\"@type\":\"BreadcrumbList\",\"@id\":\"https:\/\/www.clients.horus-informatique71.fr\/advocnar_backup\/association-advocnar\/#breadcrumb\",\"itemListElement\":[{\"@type\":\"ListItem\",\"position\":1,\"name\":\"Accueil\",\"item\":\"https:\/\/www.clients.horus-informatique71.fr\/advocnar_backup\/\"},{\"@type\":\"ListItem\",\"position\":2,\"name\":\"L&rsquo;association\"}]},{\"@type\":\"WebSite\",\"@id\":\"https:\/\/www.clients.horus-informatique71.fr\/advocnar_backup\/#website\",\"url\":\"https:\/\/www.clients.horus-informatique71.fr\/advocnar_backup\/\",\"name\":\"Advocnar\",\"description\":\"Association de D\u00e9fense Contre les Nuisances A\u00e9riennes\",\"potentialAction\":[{\"@type\":\"SearchAction\",\"target\":{\"@type\":\"EntryPoint\",\"urlTemplate\":\"https:\/\/www.clients.horus-informatique71.fr\/advocnar_backup\/?s={search_term_string}\"},\"query-input\":\"required name=search_term_string\"}],\"inLanguage\":\"fr-FR\"}]}<\/script>\n<!-- \/ Yoast SEO plugin. -->","yoast_head_json":{"title":"L\u2019association ADVOCNAR - contre les nuisances A\u00e9riennes","description":"Son fonctionnement est assur\u00e9 par des b\u00e9n\u00e9voles, une secr\u00e9taire et un r\u00e9seau d\u2019antennessitu\u00e9es dans une vingtaine de communes.","robots":{"index":"index","follow":"follow","max-snippet":"max-snippet:-1","max-image-preview":"max-image-preview:large","max-video-preview":"max-video-preview:-1"},"canonical":"https:\/\/www.clients.horus-informatique71.fr\/advocnar_backup\/association-advocnar\/","og_locale":"fr_FR","og_type":"article","og_title":"L\u2019association ADVOCNAR - contre les nuisances A\u00e9riennes","og_description":"Son fonctionnement est assur\u00e9 par des b\u00e9n\u00e9voles, une secr\u00e9taire et un r\u00e9seau d\u2019antennessitu\u00e9es dans une vingtaine de communes.","og_url":"https:\/\/www.clients.horus-informatique71.fr\/advocnar_backup\/association-advocnar\/","og_site_name":"Advocnar","article_modified_time":"2023-01-25T08:42:41+00:00","og_image":[{"url":"https:\/\/www.clients.horus-informatique71.fr\/advocnar_backup\/wp-content\/uploads\/2023\/01\/Affiche-4-Welcome.jpg"}],"twitter_card":"summary_large_image","twitter_misc":{"Dur\u00e9e de lecture estim\u00e9e":"2 minutes"},"schema":{"@context":"https:\/\/schema.org","@graph":[{"@type":"WebPage","@id":"https:\/\/www.clients.horus-informatique71.fr\/advocnar_backup\/association-advocnar\/","url":"https:\/\/www.clients.horus-informatique71.fr\/advocnar_backup\/association-advocnar\/","name":"L\u2019association ADVOCNAR - contre les nuisances A\u00e9riennes","isPartOf":{"@id":"https:\/\/www.clients.horus-informatique71.fr\/advocnar_backup\/#website"},"datePublished":"2016-02-24T08:52:07+00:00","dateModified":"2023-01-25T08:42:41+00:00","description":"Son fonctionnement est assur\u00e9 par des b\u00e9n\u00e9voles, une secr\u00e9taire et un r\u00e9seau d\u2019antennessitu\u00e9es dans une vingtaine de communes.","breadcrumb":{"@id":"https:\/\/www.clients.horus-informatique71.fr\/advocnar_backup\/association-advocnar\/#breadcrumb"},"inLanguage":"fr-FR","potentialAction":[{"@type":"ReadAction","target":["https:\/\/www.clients.horus-informatique71.fr\/advocnar_backup\/association-advocnar\/"]}]},{"@type":"BreadcrumbList","@id":"https:\/\/www.clients.horus-informatique71.fr\/advocnar_backup\/association-advocnar\/#breadcrumb","itemListElement":[{"@type":"ListItem","position":1,"name":"Accueil","item":"https:\/\/www.clients.horus-informatique71.fr\/advocnar_backup\/"},{"@type":"ListItem","position":2,"name":"L&rsquo;association"}]},{"@type":"WebSite","@id":"https:\/\/www.clients.horus-informatique71.fr\/advocnar_backup\/#website","url":"https:\/\/www.clients.horus-informatique71.fr\/advocnar_backup\/","name":"Advocnar","description":"Association de D\u00e9fense Contre les Nuisances A\u00e9riennes","potentialAction":[{"@type":"SearchAction","target":{"@type":"EntryPoint","urlTemplate":"https:\/\/www.clients.horus-informatique71.fr\/advocnar_backup\/?s={search_term_string}"},"query-input":"required name=search_term_string"}],"inLanguage":"fr-FR"}]}},"_links":{"self":[{"href":"https:\/\/www.clients.horus-informatique71.fr\/advocnar_backup\/wp-json\/wp\/v2\/pages\/70737"}],"collection":[{"href":"https:\/\/www.clients.horus-informatique71.fr\/advocnar_backup\/wp-json\/wp\/v2\/pages"}],"about":[{"href":"https:\/\/www.clients.horus-informatique71.fr\/advocnar_backup\/wp-json\/wp\/v2\/types\/page"}],"author":[{"embeddable":true,"href":"https:\/\/www.clients.horus-informatique71.fr\/advocnar_backup\/wp-json\/wp\/v2\/users\/18"}],"replies":[{"embeddable":true,"href":"https:\/\/www.clients.horus-informatique71.fr\/advocnar_backup\/wp-json\/wp\/v2\/comments?post=70737"}],"version-history":[{"count":17,"href":"https:\/\/www.clients.horus-informatique71.fr\/advocnar_backup\/wp-json\/wp\/v2\/pages\/70737\/revisions"}],"predecessor-version":[{"id":78441,"href":"https:\/\/www.clients.horus-informatique71.fr\/advocnar_backup\/wp-json\/wp\/v2\/pages\/70737\/revisions\/78441"}],"wp:attachment":[{"href":"https:\/\/www.clients.horus-informatique71.fr\/advocnar_backup\/wp-json\/wp\/v2\/media?parent=70737"}],"curies":[{"name":"wp","href":"https:\/\/api.w.org\/{rel}","templated":true}]}}