{"id":70743,"date":"2016-02-24T09:58:39","date_gmt":"2016-02-24T08:58:39","guid":{"rendered":"https:\/\/www.clients.horus-informatique71.fr\/advocnar_backup\/?page_id=70743"},"modified":"2016-05-20T11:18:38","modified_gmt":"2016-05-20T10:18:38","slug":"collectivites-soutiens-financiers-de-ladvocnar","status":"publish","type":"page","link":"https:\/\/www.clients.horus-informatique71.fr\/advocnar_backup\/association-advocnar\/collectivites-soutiens-financiers-de-ladvocnar\/","title":{"rendered":"Collectivit\u00e9s soutiens financiers de l&rsquo;ADVOCNAR"},"content":{"rendered":"<p><img loading=\"lazy\" decoding=\"async\" class=\"alignleft  wp-image-71968\" src=\"https:\/\/www.clients.horus-informatique71.fr\/advocnar_backup\/wp-content\/uploads\/2016\/02\/content-150_42_Logo-IDF.jpg\" alt=\"logo \u00eele de France\" width=\"196\" height=\"55\" \/><\/p>\n<h3><strong>Le Conseil R\u00e9gional d&rsquo;\u00cele-de-France<\/strong><\/h3>\n<p>&nbsp;<\/p>\n<p><img loading=\"lazy\" decoding=\"async\" class=\"alignleft  wp-image-71969\" src=\"https:\/\/www.clients.horus-informatique71.fr\/advocnar_backup\/wp-content\/uploads\/2016\/02\/content-130_95_CG95.jpg\" alt=\"logo val d'oise\" width=\"144\" height=\"105\" \/><\/p>\n<h3><strong>Le Conseil G\u00e9n\u00e9ral du Val d&rsquo;Oise<\/strong><\/h3>\n<p><img loading=\"lazy\" decoding=\"async\" width=\"145\" height=\"71\" class=\"alignleft size-full wp-image-71970\" src=\"https:\/\/www.clients.horus-informatique71.fr\/advocnar_backup\/wp-content\/uploads\/2016\/02\/content-145_71_Logo-Valeforet.jpg\" alt=\"Logo Valeforet\" \/><\/p>\n<h3><strong>Val et For\u00eat<\/strong><\/h3>\n<p>Val et For\u00eat regroupe 6 communes:<br \/>\nEaubonne, Ermont, Le-Plessis-Bouchard, Montlignon, Saint-Leu-la-For\u00eat, Saint-Prix<\/p>\n<p>&nbsp;<\/p>\n<p><img loading=\"lazy\" decoding=\"async\" width=\"140\" height=\"80\" class=\"alignleft size-full wp-image-71971\" src=\"https:\/\/www.clients.horus-informatique71.fr\/advocnar_backup\/wp-content\/uploads\/2016\/02\/content-140_80_cavam.jpg\" alt=\"logo cavam\" \/><\/p>\n<p>&nbsp;<\/p>\n<h3><strong>CAVAM<\/strong> La Communaut\u00e9 d\u2019Agglom\u00e9ration<\/h3>\n<p>La Communaut\u00e9 d\u2019Agglom\u00e9ration de la Vall\u00e9e de Montmorency regroupe 8 communes :<\/p>\n<p>Andilly, Deuil-la-Barre, Groslay, Margency, Montmagny, Montmorency, Saint-Gratien, Soisy-sous-Montmorency<\/p>\n<h3>\n<img loading=\"lazy\" decoding=\"async\" width=\"100\" height=\"100\" class=\"alignleft size-full wp-image-71972\" src=\"https:\/\/www.clients.horus-informatique71.fr\/advocnar_backup\/wp-content\/uploads\/2016\/02\/content-100_100_bloc_marque_caab2.jpg\" alt=\"logo communaut\u00e9 d'Agglom\u00e9ration Argenteuil -Bezons\" \/><strong>CAAB<\/strong><br \/>\nLa Communaut\u00e9 d\u2019Agglom\u00e9ration Argenteuil-Bezons<\/h3>\n<p>&nbsp;<\/p>\n<p>&nbsp;<\/p>\n<h3>Les communes<\/h3>\n<p><strong>Arnouville les Gonesse<\/strong><br \/>\n<strong> Attainville<\/strong><br \/>\n<strong> Auvers- sur-Oise<\/strong><br \/>\n<strong> Compans<\/strong><br \/>\n<strong> Eaubonne<\/strong><br \/>\n<strong> Enghien-les-Bains<\/strong><br \/>\n<strong> Ermont<\/strong><br \/>\n<strong> Franconville<\/strong><br \/>\n<strong> Gonesse <\/strong><br \/>\n<strong> La Frette-sur-Seine<\/strong><br \/>\n<strong> Pierrelaye<\/strong><br \/>\n<strong> Saint-Brice-sous-For\u00eat<\/strong><br \/>\n<strong> Saint-Leu-la-For\u00eat<\/strong><br \/>\n<strong> Saint-Prix<\/strong><br \/>\n<strong> Stains<\/strong><br \/>\n<strong> Taverny<\/strong><br \/>\n<strong> Valmondois<\/strong><\/p>\n","protected":false},"excerpt":{"rendered":"<p>Le Conseil R\u00e9gional d&rsquo;\u00cele-de-France &nbsp; Le Conseil G\u00e9n\u00e9ral du Val d&rsquo;Oise Val et For\u00eat Val et For\u00eat regroupe 6 communes: Eaubonne, Ermont, Le-Plessis-Bouchard, Montlignon, Saint-Leu-la-For\u00eat, Saint-Prix &nbsp; &nbsp; CAVAM La Communaut\u00e9 d\u2019Agglom\u00e9ration La Communaut\u00e9 d\u2019Agglom\u00e9ration de la Vall\u00e9e de Montmorency regroupe 8 communes : Andilly, Deuil-la-Barre, Groslay, Margency, Montmagny, Montmorency, Saint-Gratien, Soisy-sous-Montmorency CAAB La Communaut\u00e9 [&hellip;]<\/p>\n","protected":false},"author":18,"featured_media":0,"parent":70737,"menu_order":0,"comment_status":"closed","ping_status":"closed","template":"","meta":{"footnotes":""},"yoast_head":"<!-- This site is optimized with the Yoast SEO plugin v22.0 - https:\/\/yoast.com\/wordpress\/plugins\/seo\/ -->\n<title>Collectivit\u00e9s soutiens financiers de l&#039;ADVOCNAR - Advocnar<\/title>\n<meta name=\"robots\" content=\"index, follow, max-snippet:-1, max-image-preview:large, max-video-preview:-1\" \/>\n<link rel=\"canonical\" href=\"https:\/\/www.clients.horus-informatique71.fr\/advocnar_backup\/association-advocnar\/collectivites-soutiens-financiers-de-ladvocnar\/\" \/>\n<meta property=\"og:locale\" content=\"fr_FR\" \/>\n<meta property=\"og:type\" content=\"article\" \/>\n<meta property=\"og:title\" content=\"Collectivit\u00e9s soutiens financiers de l&#039;ADVOCNAR - Advocnar\" \/>\n<meta property=\"og:description\" content=\"Le Conseil R\u00e9gional d&rsquo;\u00cele-de-France &nbsp; Le Conseil G\u00e9n\u00e9ral du Val d&rsquo;Oise Val et For\u00eat Val et For\u00eat regroupe 6 communes: Eaubonne, Ermont, Le-Plessis-Bouchard, Montlignon, Saint-Leu-la-For\u00eat, Saint-Prix &nbsp; &nbsp; CAVAM La Communaut\u00e9 d\u2019Agglom\u00e9ration La Communaut\u00e9 d\u2019Agglom\u00e9ration de la Vall\u00e9e de Montmorency regroupe 8 communes : Andilly, Deuil-la-Barre, Groslay, Margency, Montmagny, Montmorency, Saint-Gratien, Soisy-sous-Montmorency CAAB La Communaut\u00e9 [&hellip;]\" \/>\n<meta property=\"og:url\" content=\"https:\/\/www.clients.horus-informatique71.fr\/advocnar_backup\/association-advocnar\/collectivites-soutiens-financiers-de-ladvocnar\/\" \/>\n<meta property=\"og:site_name\" content=\"Advocnar\" \/>\n<meta property=\"article:modified_time\" content=\"2016-05-20T10:18:38+00:00\" \/>\n<meta property=\"og:image\" content=\"https:\/\/www.advocnar.frwp-content\/uploads\/2016\/02\/content-150_42_Logo-IDF.jpg\" \/>\n<meta name=\"twitter:card\" content=\"summary_large_image\" \/>\n<script type=\"application\/ld+json\" class=\"yoast-schema-graph\">{\"@context\":\"https:\/\/schema.org\",\"@graph\":[{\"@type\":\"WebPage\",\"@id\":\"https:\/\/www.clients.horus-informatique71.fr\/advocnar_backup\/association-advocnar\/collectivites-soutiens-financiers-de-ladvocnar\/\",\"url\":\"https:\/\/www.clients.horus-informatique71.fr\/advocnar_backup\/association-advocnar\/collectivites-soutiens-financiers-de-ladvocnar\/\",\"name\":\"Collectivit\u00e9s soutiens financiers de l'ADVOCNAR - Advocnar\",\"isPartOf\":{\"@id\":\"https:\/\/www.clients.horus-informatique71.fr\/advocnar_backup\/#website\"},\"datePublished\":\"2016-02-24T08:58:39+00:00\",\"dateModified\":\"2016-05-20T10:18:38+00:00\",\"breadcrumb\":{\"@id\":\"https:\/\/www.clients.horus-informatique71.fr\/advocnar_backup\/association-advocnar\/collectivites-soutiens-financiers-de-ladvocnar\/#breadcrumb\"},\"inLanguage\":\"fr-FR\",\"potentialAction\":[{\"@type\":\"ReadAction\",\"target\":[\"https:\/\/www.clients.horus-informatique71.fr\/advocnar_backup\/association-advocnar\/collectivites-soutiens-financiers-de-ladvocnar\/\"]}]},{\"@type\":\"BreadcrumbList\",\"@id\":\"https:\/\/www.clients.horus-informatique71.fr\/advocnar_backup\/association-advocnar\/collectivites-soutiens-financiers-de-ladvocnar\/#breadcrumb\",\"itemListElement\":[{\"@type\":\"ListItem\",\"position\":1,\"name\":\"Accueil\",\"item\":\"https:\/\/www.clients.horus-informatique71.fr\/advocnar_backup\/\"},{\"@type\":\"ListItem\",\"position\":2,\"name\":\"L&rsquo;association\",\"item\":\"https:\/\/www.clients.horus-informatique71.fr\/advocnar_backup\/association-advocnar\/\"},{\"@type\":\"ListItem\",\"position\":3,\"name\":\"Collectivit\u00e9s soutiens financiers de l&#8217;ADVOCNAR\"}]},{\"@type\":\"WebSite\",\"@id\":\"https:\/\/www.clients.horus-informatique71.fr\/advocnar_backup\/#website\",\"url\":\"https:\/\/www.clients.horus-informatique71.fr\/advocnar_backup\/\",\"name\":\"Advocnar\",\"description\":\"Association de D\u00e9fense Contre les Nuisances A\u00e9riennes\",\"potentialAction\":[{\"@type\":\"SearchAction\",\"target\":{\"@type\":\"EntryPoint\",\"urlTemplate\":\"https:\/\/www.clients.horus-informatique71.fr\/advocnar_backup\/?s={search_term_string}\"},\"query-input\":\"required name=search_term_string\"}],\"inLanguage\":\"fr-FR\"}]}<\/script>\n<!-- \/ Yoast SEO plugin. -->","yoast_head_json":{"title":"Collectivit\u00e9s soutiens financiers de l'ADVOCNAR - Advocnar","robots":{"index":"index","follow":"follow","max-snippet":"max-snippet:-1","max-image-preview":"max-image-preview:large","max-video-preview":"max-video-preview:-1"},"canonical":"https:\/\/www.clients.horus-informatique71.fr\/advocnar_backup\/association-advocnar\/collectivites-soutiens-financiers-de-ladvocnar\/","og_locale":"fr_FR","og_type":"article","og_title":"Collectivit\u00e9s soutiens financiers de l'ADVOCNAR - Advocnar","og_description":"Le Conseil R\u00e9gional d&rsquo;\u00cele-de-France &nbsp; Le Conseil G\u00e9n\u00e9ral du Val d&rsquo;Oise Val et For\u00eat Val et For\u00eat regroupe 6 communes: Eaubonne, Ermont, Le-Plessis-Bouchard, Montlignon, Saint-Leu-la-For\u00eat, Saint-Prix &nbsp; &nbsp; CAVAM La Communaut\u00e9 d\u2019Agglom\u00e9ration La Communaut\u00e9 d\u2019Agglom\u00e9ration de la Vall\u00e9e de Montmorency regroupe 8 communes : Andilly, Deuil-la-Barre, Groslay, Margency, Montmagny, Montmorency, Saint-Gratien, Soisy-sous-Montmorency CAAB La Communaut\u00e9 [&hellip;]","og_url":"https:\/\/www.clients.horus-informatique71.fr\/advocnar_backup\/association-advocnar\/collectivites-soutiens-financiers-de-ladvocnar\/","og_site_name":"Advocnar","article_modified_time":"2016-05-20T10:18:38+00:00","og_image":[{"url":"https:\/\/www.advocnar.frwp-content\/uploads\/2016\/02\/content-150_42_Logo-IDF.jpg"}],"twitter_card":"summary_large_image","schema":{"@context":"https:\/\/schema.org","@graph":[{"@type":"WebPage","@id":"https:\/\/www.clients.horus-informatique71.fr\/advocnar_backup\/association-advocnar\/collectivites-soutiens-financiers-de-ladvocnar\/","url":"https:\/\/www.clients.horus-informatique71.fr\/advocnar_backup\/association-advocnar\/collectivites-soutiens-financiers-de-ladvocnar\/","name":"Collectivit\u00e9s soutiens financiers de l'ADVOCNAR - Advocnar","isPartOf":{"@id":"https:\/\/www.clients.horus-informatique71.fr\/advocnar_backup\/#website"},"datePublished":"2016-02-24T08:58:39+00:00","dateModified":"2016-05-20T10:18:38+00:00","breadcrumb":{"@id":"https:\/\/www.clients.horus-informatique71.fr\/advocnar_backup\/association-advocnar\/collectivites-soutiens-financiers-de-ladvocnar\/#breadcrumb"},"inLanguage":"fr-FR","potentialAction":[{"@type":"ReadAction","target":["https:\/\/www.clients.horus-informatique71.fr\/advocnar_backup\/association-advocnar\/collectivites-soutiens-financiers-de-ladvocnar\/"]}]},{"@type":"BreadcrumbList","@id":"https:\/\/www.clients.horus-informatique71.fr\/advocnar_backup\/association-advocnar\/collectivites-soutiens-financiers-de-ladvocnar\/#breadcrumb","itemListElement":[{"@type":"ListItem","position":1,"name":"Accueil","item":"https:\/\/www.clients.horus-informatique71.fr\/advocnar_backup\/"},{"@type":"ListItem","position":2,"name":"L&rsquo;association","item":"https:\/\/www.clients.horus-informatique71.fr\/advocnar_backup\/association-advocnar\/"},{"@type":"ListItem","position":3,"name":"Collectivit\u00e9s soutiens financiers de l&#8217;ADVOCNAR"}]},{"@type":"WebSite","@id":"https:\/\/www.clients.horus-informatique71.fr\/advocnar_backup\/#website","url":"https:\/\/www.clients.horus-informatique71.fr\/advocnar_backup\/","name":"Advocnar","description":"Association de D\u00e9fense Contre les Nuisances A\u00e9riennes","potentialAction":[{"@type":"SearchAction","target":{"@type":"EntryPoint","urlTemplate":"https:\/\/www.clients.horus-informatique71.fr\/advocnar_backup\/?s={search_term_string}"},"query-input":"required name=search_term_string"}],"inLanguage":"fr-FR"}]}},"_links":{"self":[{"href":"https:\/\/www.clients.horus-informatique71.fr\/advocnar_backup\/wp-json\/wp\/v2\/pages\/70743"}],"collection":[{"href":"https:\/\/www.clients.horus-informatique71.fr\/advocnar_backup\/wp-json\/wp\/v2\/pages"}],"about":[{"href":"https:\/\/www.clients.horus-informatique71.fr\/advocnar_backup\/wp-json\/wp\/v2\/types\/page"}],"author":[{"embeddable":true,"href":"https:\/\/www.clients.horus-informatique71.fr\/advocnar_backup\/wp-json\/wp\/v2\/users\/18"}],"replies":[{"embeddable":true,"href":"https:\/\/www.clients.horus-informatique71.fr\/advocnar_backup\/wp-json\/wp\/v2\/comments?post=70743"}],"version-history":[{"count":2,"href":"https:\/\/www.clients.horus-informatique71.fr\/advocnar_backup\/wp-json\/wp\/v2\/pages\/70743\/revisions"}],"predecessor-version":[{"id":77660,"href":"https:\/\/www.clients.horus-informatique71.fr\/advocnar_backup\/wp-json\/wp\/v2\/pages\/70743\/revisions\/77660"}],"up":[{"embeddable":true,"href":"https:\/\/www.clients.horus-informatique71.fr\/advocnar_backup\/wp-json\/wp\/v2\/pages\/70737"}],"wp:attachment":[{"href":"https:\/\/www.clients.horus-informatique71.fr\/advocnar_backup\/wp-json\/wp\/v2\/media?parent=70743"}],"curies":[{"name":"wp","href":"https:\/\/api.w.org\/{rel}","templated":true}]}}

Collectivités soutiens financiers de l&rsquo;ADVOCNAR

<p><img loading="lazy" decoding="async" class="alignleft  wp-image-71968" src="https://www.clients.horus-informatique71.fr/advocnar_backup/wp-content/uploads/2016/02/content-150_42_Logo-IDF.jpg" alt="logo île de France" width="196" height="55" /></p>
<h3><strong>Le Conseil Régional d&rsquo;Île-de-France</strong></h3>
<p>&nbsp;</p>
<p><img loading="lazy" decoding="async" class="alignleft  wp-image-71969" src="https://www.clients.horus-informatique71.fr/advocnar_backup/wp-content/uploads/2016/02/content-130_95_CG95.jpg" alt="logo val d'oise" width="144" height="105" /></p>
<h3><strong>Le Conseil Général du Val d&rsquo;Oise</strong></h3>
<p><img loading="lazy" decoding="async" width="145" height="71" class="alignleft size-full wp-image-71970" src="https://www.clients.horus-informatique71.fr/advocnar_backup/wp-content/uploads/2016/02/content-145_71_Logo-Valeforet.jpg" alt="Logo Valeforet" /></p>
<h3><strong>Val et Forêt</strong></h3>
<p>Val et Forêt regroupe 6 communes:<br />
Eaubonne, Ermont, Le-Plessis-Bouchard, Montlignon, Saint-Leu-la-Forêt, Saint-Prix</p>
<p>&nbsp;</p>
<p><img loading="lazy" decoding="async" width="140" height="80" class="alignleft size-full wp-image-71971" src="https://www.clients.horus-informatique71.fr/advocnar_backup/wp-content/uploads/2016/02/content-140_80_cavam.jpg" alt="logo cavam" /></p>
<p>&nbsp;</p>
<h3><strong>CAVAM</strong> La Communauté d’Agglomération</h3>
<p>La Communauté d’Agglomération de la Vallée de Montmorency regroupe 8 communes :</p>
<p>Andilly, Deuil-la-Barre, Groslay, Margency, Montmagny, Montmorency, Saint-Gratien, Soisy-sous-Montmorency</p>
<h3>
<img loading="lazy" decoding="async" width="100" height="100" class="alignleft size-full wp-image-71972" src="https://www.clients.horus-informatique71.fr/advocnar_backup/wp-content/uploads/2016/02/content-100_100_bloc_marque_caab2.jpg" alt="logo communauté d'Agglomération Argenteuil -Bezons" /><strong>CAAB</strong><br />
La Communauté d’Agglomération Argenteuil-Bezons</h3>
<p>&nbsp;</p>
<p>&nbsp;</p>
<h3>Les communes</h3>
<p><strong>Arnouville les Gonesse</strong><br />
<strong> Attainville</strong><br />
<strong> Auvers- sur-Oise</strong><br />
<strong> Compans</strong><br />
<strong> Eaubonne</strong><br />
<strong> Enghien-les-Bains</strong><br />
<strong> Ermont</strong><br />
<strong> Franconville</strong><br />
<strong> Gonesse </strong><br />
<strong> La Frette-sur-Seine</strong><br />
<strong> Pierrelaye</strong><br />
<strong> Saint-Brice-sous-Forêt</strong><br />
<strong> Saint-Leu-la-Forêt</strong><br />
<strong> Saint-Prix</strong><br />
<strong> Stains</strong><br />
<strong> Taverny</strong><br />
<strong> Valmondois</strong></p>

<p>Le Conseil Régional d&rsquo;Île-de-France &nbsp; Le Conseil Général du Val d&rsquo;Oise Val et Forêt Val et Forêt regroupe 6 communes: Eaubonne, Ermont, Le-Plessis-Bouchard, Montlignon, Saint-Leu-la-Forêt, Saint-Prix &nbsp; &nbsp; CAVAM La Communauté d’Agglomération La Communauté d’Agglomération de la Vallée de Montmorency regroupe 8 communes : Andilly, Deuil-la-Barre, Groslay, Margency, Montmagny, Montmorency, Saint-Gratien, Soisy-sous-Montmorency CAAB La Communauté [&hellip;]</p>

<!-- This site is optimized with the Yoast SEO plugin v22.0 - https://yoast.com/wordpress/plugins/seo/ -->
<title>Collectivités soutiens financiers de l&#039;ADVOCNAR - Advocnar</title>
<meta name="robots" content="index, follow, max-snippet:-1, max-image-preview:large, max-video-preview:-1" />
<link rel="canonical" href="https://www.clients.horus-informatique71.fr/advocnar_backup/association-advocnar/collectivites-soutiens-financiers-de-ladvocnar/" />
<meta property="og:locale" content="fr_FR" />
<meta property="og:type" content="article" />
<meta property="og:title" content="Collectivités soutiens financiers de l&#039;ADVOCNAR - Advocnar" />
<meta property="og:description" content="Le Conseil Régional d&rsquo;Île-de-France &nbsp; Le Conseil Général du Val d&rsquo;Oise Val et Forêt Val et Forêt regroupe 6 communes: Eaubonne, Ermont, Le-Plessis-Bouchard, Montlignon, Saint-Leu-la-Forêt, Saint-Prix &nbsp; &nbsp; CAVAM La Communauté d’Agglomération La Communauté d’Agglomération de la Vallée de Montmorency regroupe 8 communes : Andilly, Deuil-la-Barre, Groslay, Margency, Montmagny, Montmorency, Saint-Gratien, Soisy-sous-Montmorency CAAB La Communauté [&hellip;]" />
<meta property="og:url" content="https://www.clients.horus-informatique71.fr/advocnar_backup/association-advocnar/collectivites-soutiens-financiers-de-ladvocnar/" />
<meta property="og:site_name" content="Advocnar" />
<meta property="article:modified_time" content="2016-05-20T10:18:38+00:00" />
<meta property="og:image" content="https://www.advocnar.frwp-content/uploads/2016/02/content-150_42_Logo-IDF.jpg" />
<meta name="twitter:card" content="summary_large_image" />
<script type="application/ld+json" class="yoast-schema-graph">{"@context":"https://schema.org","@graph":[{"@type":"WebPage","@id":"https://www.clients.horus-informatique71.fr/advocnar_backup/association-advocnar/collectivites-soutiens-financiers-de-ladvocnar/","url":"https://www.clients.horus-informatique71.fr/advocnar_backup/association-advocnar/collectivites-soutiens-financiers-de-ladvocnar/","name":"Collectivités soutiens financiers de l'ADVOCNAR - Advocnar","isPartOf":{"@id":"https://www.clients.horus-informatique71.fr/advocnar_backup/#website"},"datePublished":"2016-02-24T08:58:39+00:00","dateModified":"2016-05-20T10:18:38+00:00","breadcrumb":{"@id":"https://www.clients.horus-informatique71.fr/advocnar_backup/association-advocnar/collectivites-soutiens-financiers-de-ladvocnar/#breadcrumb"},"inLanguage":"fr-FR","potentialAction":[{"@type":"ReadAction","target":["https://www.clients.horus-informatique71.fr/advocnar_backup/association-advocnar/collectivites-soutiens-financiers-de-ladvocnar/"]}]},{"@type":"BreadcrumbList","@id":"https://www.clients.horus-informatique71.fr/advocnar_backup/association-advocnar/collectivites-soutiens-financiers-de-ladvocnar/#breadcrumb","itemListElement":[{"@type":"ListItem","position":1,"name":"Accueil","item":"https://www.clients.horus-informatique71.fr/advocnar_backup/"},{"@type":"ListItem","position":2,"name":"L&rsquo;association","item":"https://www.clients.horus-informatique71.fr/advocnar_backup/association-advocnar/"},{"@type":"ListItem","position":3,"name":"Collectivités soutiens financiers de l&#8217;ADVOCNAR"}]},{"@type":"WebSite","@id":"https://www.clients.horus-informatique71.fr/advocnar_backup/#website","url":"https://www.clients.horus-informatique71.fr/advocnar_backup/","name":"Advocnar","description":"Association de Défense Contre les Nuisances Aériennes","potentialAction":[{"@type":"SearchAction","target":{"@type":"EntryPoint","urlTemplate":"https://www.clients.horus-informatique71.fr/advocnar_backup/?s={search_term_string}"},"query-input":"required name=search_term_string"}],"inLanguage":"fr-FR"}]}</script>
<!-- / Yoast SEO plugin. -->

Collectivités soutiens financiers de l'ADVOCNAR - Advocnar

Le Conseil Régional d&rsquo;Île-de-France &nbsp; Le Conseil Général du Val d&rsquo;Oise Val et Forêt Val et Forêt regroupe 6 communes: Eaubonne, Ermont, Le-Plessis-Bouchard, Montlignon, Saint-Leu-la-Forêt, Saint-Prix &nbsp; &nbsp; CAVAM La Communauté d’Agglomération La Communauté d’Agglomération de la Vallée de Montmorency regroupe 8 communes : Andilly, Deuil-la-Barre, Groslay, Margency, Montmagny, Montmorency, Saint-Gratien, Soisy-sous-Montmorency CAAB La Communauté [&hellip;]

Collectivités soutiens financiers de l&#8217;ADVOCNAR

Association de Défense Contre les Nuisances Aériennes
