{"id":71585,"date":"2016-04-27T13:07:38","date_gmt":"2016-04-27T12:07:38","guid":{"rendered":"https:\/\/www.clients.horus-informatique71.fr\/advocnar_backup\/?page_id=71585"},"modified":"2021-04-20T09:54:32","modified_gmt":"2021-04-20T07:54:32","slug":"le-bourget","status":"publish","type":"page","link":"https:\/\/www.clients.horus-informatique71.fr\/advocnar_backup\/les-aeroports\/le-bourget\/","title":{"rendered":"Le Bourget"},"content":{"rendered":"\n<h3 class=\"wp-block-heading\"><strong>PGS du Bourget adopt\u00e9 le 28.12.2011 <\/strong><\/h3>\n\n\n\n<div class=\"wp-block-image\"><figure class=\"aligncenter\"><img loading=\"lazy\" decoding=\"async\" width=\"400\" height=\"126\" src=\"https:\/\/www.clients.horus-informatique71.fr\/advocnar_backup\/wp-content\/uploads\/2016\/04\/content-400_126_PGS-le-Bourget-2.png\" alt=\"PGS le Bourget\" class=\"wp-image-72043\" srcset=\"https:\/\/www.clients.horus-informatique71.fr\/advocnar_backup\/wp-content\/uploads\/2016\/04\/content-400_126_PGS-le-Bourget-2.png 400w, https:\/\/www.clients.horus-informatique71.fr\/advocnar_backup\/wp-content\/uploads\/2016\/04\/content-400_126_PGS-le-Bourget-2-300x95.png 300w\" sizes=\"(max-width: 400px) 100vw, 400px\" \/><\/figure><\/div>\n\n\n\n<p><\/p>\n\n\n\n<p><\/p>\n\n\n\n<p><strong>Tout savoir sur le PGS (Plan de G\u00eane Sonore) du Bourget: &nbsp;<\/strong><\/p>\n\n\n\n<p><\/p>\n\n\n\n<p><strong>Historique<\/strong><\/p>\n\n\n\n<p><strong>1919<\/strong>&nbsp;Ouverture de l\u2019a\u00e9roport du Bourget, situ\u00e9 \u00e0 7 kilom\u00e8tres au nord-est de Paris, sur un terrain d\u2019aviation cr\u00e9\u00e9 en 1915 pour les besoins de la guerre.<br>C\u2019est le premier a\u00e9roport civil de Paris et le seul jusqu\u2019au d\u00e9veloppement de l\u2019a\u00e9roport d\u2019Orly dans les ann\u00e9es 50.<\/p>\n\n\n\n<p><strong>1945<\/strong>&nbsp;Cr\u00e9ation de la soci\u00e9t\u00e9 \u00ab l\u2019a\u00e9roport de Paris \u00bb, anc\u00eatre d\u2019ADP, qui g\u00e8re les a\u00e9roports de la r\u00e9gion parisienne<\/p>\n\n\n\n<p><strong>1946<\/strong>&nbsp;Reconstruction du Bourget, g\u00e9r\u00e9 par l\u2019ADP<\/p>\n\n\n\n<p><strong>1953<\/strong>&nbsp;Le salon international de l\u2019a\u00e9ronautique et de l\u2019espace s\u2019installe au Bourget.<br>Cet \u00e9v\u00e8nement aura lieu tous les deux ans, les ann\u00e9es impaires, ce qui g\u00e9n\u00e8re des nuisances importantes, en particulier pour les \u00e9tablissements scolaires.<\/p>\n\n\n\n<p><strong>1976<\/strong>&nbsp;Suite \u00e0 l\u2019ouverture de Roissy CDG, le Bourget se reconvertit en a\u00e9roport d\u2019affaires<\/p>\n\n\n\n<p><strong>1981<\/strong>&nbsp;Les activit\u00e9s de l\u2019a\u00e9roport du Bourget sont essentiellement d\u00e9di\u00e9es \u00e0 l\u2019aviation civile d\u2019affaires, c\u2019est-\u00e0-dire aux vols priv\u00e9s ainsi qu\u2019\u00e0 certains mouvements militaires. Il accueille ainsi des flottes appartenant \u00e0 des soci\u00e9t\u00e9s, des flottes \u00ab&nbsp;d\u2019avions-taxis&nbsp;\u00bb qui assurent des vols \u00e0 la demande et des avions en multipropri\u00e9t\u00e9.<br>L\u2019a\u00e9roport s\u2019\u00e9tend sur plus de 550 hectares, r\u00e9partis sur quatre communes et deux d\u00e9partements : la Seine-Saint-Denis (Le Bourget et Dugny) et le Val-d\u2019Oise (Bonneuil-en-France et Gonesse).<br>Il poss\u00e8de 3 pistes, et est ouvert jour et nuit.<br>Il affiche une capacit\u00e9 d\u2019accueil de 180 000 passagers par an.<\/p>\n\n\n\n<p><strong>2007<\/strong>&nbsp;L\u2019a\u00e9roport du Bourget enregistre 55 000 mouvements d\u2019avions, ce qui en fait le premier a\u00e9roport d\u2019affaires en Europe (devant Gen\u00e8ve) et le 13\u00e8me dans le monde.<br>Plus de 800 destinations sont desservies et 45 soci\u00e9t\u00e9s d\u2019aviation priv\u00e9es et d\u2019affaires y op\u00e8rent.<br>Une partie de ses infrastructures est occup\u00e9e par un h\u00e9liport.<\/p>\n\n\n\n<p>Le Bourget g\u00e9n\u00e8re de nombreuses nuisances sonores : le dernier palier d\u2019approche s\u2019op\u00e8re \u00e0 600 m\u00e8tres d\u2019altitude. La plate-forme est situ\u00e9e en plein c\u0153ur d\u2019une zone d\u2019urbanisation dense.<br>Malgr\u00e9 l\u2019importance du trafic, il n\u2019y avait jusqu\u2019en 2010 ni Commission Consultative de l\u2019environnement, ni plan d\u2019exposition au bruit (PEB), ni plan de g\u00eane sonore (PGS). Le combat des associations a permis de pallier cette carence.<\/p>\n\n\n\n<p><strong>2011<\/strong>&nbsp;1er juillet 2011 : le Bourget perd sa vocation d\u2019a\u00e9roport mixte militaire \/ civil au profit d\u2019un statut exclusivement civil.<br>17 novembre 2011 : dans le cadre du rel\u00e8vement des trajectoires des a\u00e9roports franciliens, les riverains du Bourget voient passer l\u2019altitude du dernier palier avant atterrissage de 600 m\u00e8tres \u00e0 900 m\u00e8tres d\u2019altitude.<\/p>\n\n\n\n<p><strong>2015<\/strong>&nbsp;Le Bourget confirme sa place de leader de l\u2019aviation d\u2019affaire en Europe avec plus de 55 000 mouvements annuels d\u2019avions ou d\u2019h\u00e9licopt\u00e8res<br>9 d\u00e9cembre 2010 : la Commission Consultative de l\u2019Environnement du Bourget est cr\u00e9\u00e9e. Ses premiers travaux portent sur l\u2019\u00e9laboration d\u2019un PEB, d\u2019un PGS et d\u2019une Charte de l\u2019environnement et du d\u00e9veloppement durable.<\/p>\n","protected":false},"excerpt":{"rendered":"<p>PGS du Bourget adopt\u00e9 le 28.12.2011 Tout savoir sur le PGS (Plan de G\u00eane Sonore) du Bourget: &nbsp; Historique 1919&nbsp;Ouverture de l\u2019a\u00e9roport du Bourget, situ\u00e9 \u00e0 7 kilom\u00e8tres au nord-est de Paris, sur un terrain d\u2019aviation cr\u00e9\u00e9 en 1915 pour les besoins de la guerre.C\u2019est le premier a\u00e9roport civil de Paris et le seul jusqu\u2019au [&hellip;]<\/p>\n","protected":false},"author":18,"featured_media":0,"parent":71579,"menu_order":0,"comment_status":"closed","ping_status":"closed","template":"","meta":{"footnotes":""},"yoast_head":"<!-- This site is optimized with the Yoast SEO plugin v22.0 - https:\/\/yoast.com\/wordpress\/plugins\/seo\/ -->\n<title>Le Bourget - Advocnar<\/title>\n<meta name=\"robots\" content=\"index, follow, max-snippet:-1, max-image-preview:large, max-video-preview:-1\" \/>\n<link rel=\"canonical\" href=\"https:\/\/www.clients.horus-informatique71.fr\/advocnar_backup\/les-aeroports\/le-bourget\/\" \/>\n<meta property=\"og:locale\" content=\"fr_FR\" \/>\n<meta property=\"og:type\" content=\"article\" \/>\n<meta property=\"og:title\" content=\"Le Bourget - Advocnar\" \/>\n<meta property=\"og:description\" content=\"PGS du Bourget adopt\u00e9 le 28.12.2011 Tout savoir sur le PGS (Plan de G\u00eane Sonore) du Bourget: &nbsp; Historique 1919&nbsp;Ouverture de l\u2019a\u00e9roport du Bourget, situ\u00e9 \u00e0 7 kilom\u00e8tres au nord-est de Paris, sur un terrain d\u2019aviation cr\u00e9\u00e9 en 1915 pour les besoins de la guerre.C\u2019est le premier a\u00e9roport civil de Paris et le seul jusqu\u2019au [&hellip;]\" \/>\n<meta property=\"og:url\" content=\"https:\/\/www.clients.horus-informatique71.fr\/advocnar_backup\/les-aeroports\/le-bourget\/\" \/>\n<meta property=\"og:site_name\" content=\"Advocnar\" \/>\n<meta property=\"article:modified_time\" content=\"2021-04-20T07:54:32+00:00\" \/>\n<meta property=\"og:image\" content=\"https:\/\/www.advocnar.frwp-content\/uploads\/2016\/04\/content-400_126_PGS-le-Bourget-2.png\" \/>\n<meta name=\"twitter:card\" content=\"summary_large_image\" \/>\n<meta name=\"twitter:label1\" content=\"Dur\u00e9e de lecture estim\u00e9e\" \/>\n\t<meta name=\"twitter:data1\" content=\"3 minutes\" \/>\n<script type=\"application\/ld+json\" class=\"yoast-schema-graph\">{\"@context\":\"https:\/\/schema.org\",\"@graph\":[{\"@type\":\"WebPage\",\"@id\":\"https:\/\/www.clients.horus-informatique71.fr\/advocnar_backup\/les-aeroports\/le-bourget\/\",\"url\":\"https:\/\/www.clients.horus-informatique71.fr\/advocnar_backup\/les-aeroports\/le-bourget\/\",\"name\":\"Le Bourget - Advocnar\",\"isPartOf\":{\"@id\":\"https:\/\/www.clients.horus-informatique71.fr\/advocnar_backup\/#website\"},\"datePublished\":\"2016-04-27T12:07:38+00:00\",\"dateModified\":\"2021-04-20T07:54:32+00:00\",\"breadcrumb\":{\"@id\":\"https:\/\/www.clients.horus-informatique71.fr\/advocnar_backup\/les-aeroports\/le-bourget\/#breadcrumb\"},\"inLanguage\":\"fr-FR\",\"potentialAction\":[{\"@type\":\"ReadAction\",\"target\":[\"https:\/\/www.clients.horus-informatique71.fr\/advocnar_backup\/les-aeroports\/le-bourget\/\"]}]},{\"@type\":\"BreadcrumbList\",\"@id\":\"https:\/\/www.clients.horus-informatique71.fr\/advocnar_backup\/les-aeroports\/le-bourget\/#breadcrumb\",\"itemListElement\":[{\"@type\":\"ListItem\",\"position\":1,\"name\":\"Accueil\",\"item\":\"https:\/\/www.clients.horus-informatique71.fr\/advocnar_backup\/\"},{\"@type\":\"ListItem\",\"position\":2,\"name\":\"Les A\u00e9roports\",\"item\":\"https:\/\/www.clients.horus-informatique71.fr\/advocnar_backup\/les-aeroports\/\"},{\"@type\":\"ListItem\",\"position\":3,\"name\":\"Le Bourget\"}]},{\"@type\":\"WebSite\",\"@id\":\"https:\/\/www.clients.horus-informatique71.fr\/advocnar_backup\/#website\",\"url\":\"https:\/\/www.clients.horus-informatique71.fr\/advocnar_backup\/\",\"name\":\"Advocnar\",\"description\":\"Association de D\u00e9fense Contre les Nuisances A\u00e9riennes\",\"potentialAction\":[{\"@type\":\"SearchAction\",\"target\":{\"@type\":\"EntryPoint\",\"urlTemplate\":\"https:\/\/www.clients.horus-informatique71.fr\/advocnar_backup\/?s={search_term_string}\"},\"query-input\":\"required name=search_term_string\"}],\"inLanguage\":\"fr-FR\"}]}<\/script>\n<!-- \/ Yoast SEO plugin. -->","yoast_head_json":{"title":"Le Bourget - Advocnar","robots":{"index":"index","follow":"follow","max-snippet":"max-snippet:-1","max-image-preview":"max-image-preview:large","max-video-preview":"max-video-preview:-1"},"canonical":"https:\/\/www.clients.horus-informatique71.fr\/advocnar_backup\/les-aeroports\/le-bourget\/","og_locale":"fr_FR","og_type":"article","og_title":"Le Bourget - Advocnar","og_description":"PGS du Bourget adopt\u00e9 le 28.12.2011 Tout savoir sur le PGS (Plan de G\u00eane Sonore) du Bourget: &nbsp; Historique 1919&nbsp;Ouverture de l\u2019a\u00e9roport du Bourget, situ\u00e9 \u00e0 7 kilom\u00e8tres au nord-est de Paris, sur un terrain d\u2019aviation cr\u00e9\u00e9 en 1915 pour les besoins de la guerre.C\u2019est le premier a\u00e9roport civil de Paris et le seul jusqu\u2019au [&hellip;]","og_url":"https:\/\/www.clients.horus-informatique71.fr\/advocnar_backup\/les-aeroports\/le-bourget\/","og_site_name":"Advocnar","article_modified_time":"2021-04-20T07:54:32+00:00","og_image":[{"url":"https:\/\/www.advocnar.frwp-content\/uploads\/2016\/04\/content-400_126_PGS-le-Bourget-2.png"}],"twitter_card":"summary_large_image","twitter_misc":{"Dur\u00e9e de lecture estim\u00e9e":"3 minutes"},"schema":{"@context":"https:\/\/schema.org","@graph":[{"@type":"WebPage","@id":"https:\/\/www.clients.horus-informatique71.fr\/advocnar_backup\/les-aeroports\/le-bourget\/","url":"https:\/\/www.clients.horus-informatique71.fr\/advocnar_backup\/les-aeroports\/le-bourget\/","name":"Le Bourget - Advocnar","isPartOf":{"@id":"https:\/\/www.clients.horus-informatique71.fr\/advocnar_backup\/#website"},"datePublished":"2016-04-27T12:07:38+00:00","dateModified":"2021-04-20T07:54:32+00:00","breadcrumb":{"@id":"https:\/\/www.clients.horus-informatique71.fr\/advocnar_backup\/les-aeroports\/le-bourget\/#breadcrumb"},"inLanguage":"fr-FR","potentialAction":[{"@type":"ReadAction","target":["https:\/\/www.clients.horus-informatique71.fr\/advocnar_backup\/les-aeroports\/le-bourget\/"]}]},{"@type":"BreadcrumbList","@id":"https:\/\/www.clients.horus-informatique71.fr\/advocnar_backup\/les-aeroports\/le-bourget\/#breadcrumb","itemListElement":[{"@type":"ListItem","position":1,"name":"Accueil","item":"https:\/\/www.clients.horus-informatique71.fr\/advocnar_backup\/"},{"@type":"ListItem","position":2,"name":"Les A\u00e9roports","item":"https:\/\/www.clients.horus-informatique71.fr\/advocnar_backup\/les-aeroports\/"},{"@type":"ListItem","position":3,"name":"Le Bourget"}]},{"@type":"WebSite","@id":"https:\/\/www.clients.horus-informatique71.fr\/advocnar_backup\/#website","url":"https:\/\/www.clients.horus-informatique71.fr\/advocnar_backup\/","name":"Advocnar","description":"Association de D\u00e9fense Contre les Nuisances A\u00e9riennes","potentialAction":[{"@type":"SearchAction","target":{"@type":"EntryPoint","urlTemplate":"https:\/\/www.clients.horus-informatique71.fr\/advocnar_backup\/?s={search_term_string}"},"query-input":"required name=search_term_string"}],"inLanguage":"fr-FR"}]}},"_links":{"self":[{"href":"https:\/\/www.clients.horus-informatique71.fr\/advocnar_backup\/wp-json\/wp\/v2\/pages\/71585"}],"collection":[{"href":"https:\/\/www.clients.horus-informatique71.fr\/advocnar_backup\/wp-json\/wp\/v2\/pages"}],"about":[{"href":"https:\/\/www.clients.horus-informatique71.fr\/advocnar_backup\/wp-json\/wp\/v2\/types\/page"}],"author":[{"embeddable":true,"href":"https:\/\/www.clients.horus-informatique71.fr\/advocnar_backup\/wp-json\/wp\/v2\/users\/18"}],"replies":[{"embeddable":true,"href":"https:\/\/www.clients.horus-informatique71.fr\/advocnar_backup\/wp-json\/wp\/v2\/comments?post=71585"}],"version-history":[{"count":7,"href":"https:\/\/www.clients.horus-informatique71.fr\/advocnar_backup\/wp-json\/wp\/v2\/pages\/71585\/revisions"}],"predecessor-version":[{"id":76900,"href":"https:\/\/www.clients.horus-informatique71.fr\/advocnar_backup\/wp-json\/wp\/v2\/pages\/71585\/revisions\/76900"}],"up":[{"embeddable":true,"href":"https:\/\/www.clients.horus-informatique71.fr\/advocnar_backup\/wp-json\/wp\/v2\/pages\/71579"}],"wp:attachment":[{"href":"https:\/\/www.clients.horus-informatique71.fr\/advocnar_backup\/wp-json\/wp\/v2\/media?parent=71585"}],"curies":[{"name":"wp","href":"https:\/\/api.w.org\/{rel}","templated":true}]}}

<h3 class="wp-block-heading"><strong>PGS du Bourget adopté le 28.12.2011 </strong></h3>



<div class="wp-block-image"><figure class="aligncenter"><img loading="lazy" decoding="async" width="400" height="126" src="https://www.clients.horus-informatique71.fr/advocnar_backup/wp-content/uploads/2016/04/content-400_126_PGS-le-Bourget-2.png" alt="PGS le Bourget" class="wp-image-72043" srcset="https://www.clients.horus-informatique71.fr/advocnar_backup/wp-content/uploads/2016/04/content-400_126_PGS-le-Bourget-2.png 400w, https://www.clients.horus-informatique71.fr/advocnar_backup/wp-content/uploads/2016/04/content-400_126_PGS-le-Bourget-2-300x95.png 300w" sizes="(max-width: 400px) 100vw, 400px" /></figure></div>



<p></p>



<p></p>



<p><strong>Tout savoir sur le PGS (Plan de Gêne Sonore) du Bourget: &nbsp;</strong></p>



<p></p>



<p><strong>Historique</strong></p>



<p><strong>1919</strong>&nbsp;Ouverture de l’aéroport du Bourget, situé à 7 kilomètres au nord-est de Paris, sur un terrain d’aviation créé en 1915 pour les besoins de la guerre.<br>C’est le premier aéroport civil de Paris et le seul jusqu’au développement de l’aéroport d’Orly dans les années 50.</p>



<p><strong>1945</strong>&nbsp;Création de la société « l’aéroport de Paris », ancêtre d’ADP, qui gère les aéroports de la région parisienne</p>



<p><strong>1946</strong>&nbsp;Reconstruction du Bourget, géré par l’ADP</p>



<p><strong>1953</strong>&nbsp;Le salon international de l’aéronautique et de l’espace s’installe au Bourget.<br>Cet évènement aura lieu tous les deux ans, les années impaires, ce qui génère des nuisances importantes, en particulier pour les établissements scolaires.</p>



<p><strong>1976</strong>&nbsp;Suite à l’ouverture de Roissy CDG, le Bourget se reconvertit en aéroport d’affaires</p>



<p><strong>1981</strong>&nbsp;Les activités de l’aéroport du Bourget sont essentiellement dédiées à l’aviation civile d’affaires, c’est-à-dire aux vols privés ainsi qu’à certains mouvements militaires. Il accueille ainsi des flottes appartenant à des sociétés, des flottes «&nbsp;d’avions-taxis&nbsp;» qui assurent des vols à la demande et des avions en multipropriété.<br>L’aéroport s’étend sur plus de 550 hectares, répartis sur quatre communes et deux départements : la Seine-Saint-Denis (Le Bourget et Dugny) et le Val-d’Oise (Bonneuil-en-France et Gonesse).<br>Il possède 3 pistes, et est ouvert jour et nuit.<br>Il affiche une capacité d’accueil de 180 000 passagers par an.</p>



<p><strong>2007</strong>&nbsp;L’aéroport du Bourget enregistre 55 000 mouvements d’avions, ce qui en fait le premier aéroport d’affaires en Europe (devant Genève) et le 13ème dans le monde.<br>Plus de 800 destinations sont desservies et 45 sociétés d’aviation privées et d’affaires y opèrent.<br>Une partie de ses infrastructures est occupée par un héliport.</p>



<p>Le Bourget génère de nombreuses nuisances sonores : le dernier palier d’approche s’opère à 600 mètres d’altitude. La plate-forme est située en plein cœur d’une zone d’urbanisation dense.<br>Malgré l’importance du trafic, il n’y avait jusqu’en 2010 ni Commission Consultative de l’environnement, ni plan d’exposition au bruit (PEB), ni plan de gêne sonore (PGS). Le combat des associations a permis de pallier cette carence.</p>



<p><strong>2011</strong>&nbsp;1er juillet 2011 : le Bourget perd sa vocation d’aéroport mixte militaire / civil au profit d’un statut exclusivement civil.<br>17 novembre 2011 : dans le cadre du relèvement des trajectoires des aéroports franciliens, les riverains du Bourget voient passer l’altitude du dernier palier avant atterrissage de 600 mètres à 900 mètres d’altitude.</p>



<p><strong>2015</strong>&nbsp;Le Bourget confirme sa place de leader de l’aviation d’affaire en Europe avec plus de 55 000 mouvements annuels d’avions ou d’hélicoptères<br>9 décembre 2010 : la Commission Consultative de l’Environnement du Bourget est créée. Ses premiers travaux portent sur l’élaboration d’un PEB, d’un PGS et d’une Charte de l’environnement et du développement durable.</p>

<p>PGS du Bourget adopté le 28.12.2011 Tout savoir sur le PGS (Plan de Gêne Sonore) du Bourget: &nbsp; Historique 1919&nbsp;Ouverture de l’aéroport du Bourget, situé à 7 kilomètres au nord-est de Paris, sur un terrain d’aviation créé en 1915 pour les besoins de la guerre.C’est le premier aéroport civil de Paris et le seul jusqu’au [&hellip;]</p>

<!-- This site is optimized with the Yoast SEO plugin v22.0 - https://yoast.com/wordpress/plugins/seo/ -->
<title>Le Bourget - Advocnar</title>
<meta name="robots" content="index, follow, max-snippet:-1, max-image-preview:large, max-video-preview:-1" />
<link rel="canonical" href="https://www.clients.horus-informatique71.fr/advocnar_backup/les-aeroports/le-bourget/" />
<meta property="og:locale" content="fr_FR" />
<meta property="og:type" content="article" />
<meta property="og:title" content="Le Bourget - Advocnar" />
<meta property="og:description" content="PGS du Bourget adopté le 28.12.2011 Tout savoir sur le PGS (Plan de Gêne Sonore) du Bourget: &nbsp; Historique 1919&nbsp;Ouverture de l’aéroport du Bourget, situé à 7 kilomètres au nord-est de Paris, sur un terrain d’aviation créé en 1915 pour les besoins de la guerre.C’est le premier aéroport civil de Paris et le seul jusqu’au [&hellip;]" />
<meta property="og:url" content="https://www.clients.horus-informatique71.fr/advocnar_backup/les-aeroports/le-bourget/" />
<meta property="og:site_name" content="Advocnar" />
<meta property="article:modified_time" content="2021-04-20T07:54:32+00:00" />
<meta property="og:image" content="https://www.advocnar.frwp-content/uploads/2016/04/content-400_126_PGS-le-Bourget-2.png" />
<meta name="twitter:card" content="summary_large_image" />
<meta name="twitter:label1" content="Durée de lecture estimée" />
	<meta name="twitter:data1" content="3 minutes" />
<script type="application/ld+json" class="yoast-schema-graph">{"@context":"https://schema.org","@graph":[{"@type":"WebPage","@id":"https://www.clients.horus-informatique71.fr/advocnar_backup/les-aeroports/le-bourget/","url":"https://www.clients.horus-informatique71.fr/advocnar_backup/les-aeroports/le-bourget/","name":"Le Bourget - Advocnar","isPartOf":{"@id":"https://www.clients.horus-informatique71.fr/advocnar_backup/#website"},"datePublished":"2016-04-27T12:07:38+00:00","dateModified":"2021-04-20T07:54:32+00:00","breadcrumb":{"@id":"https://www.clients.horus-informatique71.fr/advocnar_backup/les-aeroports/le-bourget/#breadcrumb"},"inLanguage":"fr-FR","potentialAction":[{"@type":"ReadAction","target":["https://www.clients.horus-informatique71.fr/advocnar_backup/les-aeroports/le-bourget/"]}]},{"@type":"BreadcrumbList","@id":"https://www.clients.horus-informatique71.fr/advocnar_backup/les-aeroports/le-bourget/#breadcrumb","itemListElement":[{"@type":"ListItem","position":1,"name":"Accueil","item":"https://www.clients.horus-informatique71.fr/advocnar_backup/"},{"@type":"ListItem","position":2,"name":"Les Aéroports","item":"https://www.clients.horus-informatique71.fr/advocnar_backup/les-aeroports/"},{"@type":"ListItem","position":3,"name":"Le Bourget"}]},{"@type":"WebSite","@id":"https://www.clients.horus-informatique71.fr/advocnar_backup/#website","url":"https://www.clients.horus-informatique71.fr/advocnar_backup/","name":"Advocnar","description":"Association de Défense Contre les Nuisances Aériennes","potentialAction":[{"@type":"SearchAction","target":{"@type":"EntryPoint","urlTemplate":"https://www.clients.horus-informatique71.fr/advocnar_backup/?s={search_term_string}"},"query-input":"required name=search_term_string"}],"inLanguage":"fr-FR"}]}</script>
<!-- / Yoast SEO plugin. -->

PGS du Bourget adopté le 28.12.2011 Tout savoir sur le PGS (Plan de Gêne Sonore) du Bourget: &nbsp; Historique 1919&nbsp;Ouverture de l’aéroport du Bourget, situé à 7 kilomètres au nord-est de Paris, sur un terrain d’aviation créé en 1915 pour les besoins de la guerre.C’est le premier aéroport civil de Paris et le seul jusqu’au [&hellip;]

Les Aéroports

Association de Défense Contre les Nuisances Aériennes
