{"id":71588,"date":"2016-04-27T13:10:33","date_gmt":"2016-04-27T12:10:33","guid":{"rendered":"https:\/\/www.clients.horus-informatique71.fr\/advocnar_backup\/?page_id=71588"},"modified":"2021-04-04T20:05:51","modified_gmt":"2021-04-04T18:05:51","slug":"le-bruit","status":"publish","type":"page","link":"https:\/\/www.clients.horus-informatique71.fr\/advocnar_backup\/le-bruit\/","title":{"rendered":"Le bruit"},"content":{"rendered":"<p>[vc_row type=\u00a0\u00bbcontainer\u00a0\u00bb padding_top=\u00a0\u00bb\u00a0\u00bb padding_bottom=\u00a0\u00bb\u00a0\u00bb][vc_column][vc_column_text]<\/p>\n<blockquote><p>Le bruit assassine les pens\u00e9es<em>Nietzsche<\/em><\/p><\/blockquote>\n<p>[\/vc_column_text][\/vc_column][\/vc_row][vc_row type=\u00a0\u00bbcontainer\u00a0\u00bb padding_top=\u00a0\u00bb\u00a0\u00bb padding_bottom=\u00a0\u00bb\u00a0\u00bb][vc_column][vc_column_text]<\/p>\n<h4>Qu&rsquo;est-ce que le bruit ?<\/h4>\n<p>Le bruit est une vibration de l&rsquo;air qui se propage. Il peut devenir g\u00eanant lorsque, en raison de sa nature, de sa fr\u00e9quence ou de son intensit\u00e9 ; il est de nature \u00e0 causer des troubles excessifs aux personnes, des dangers, \u00e0 nuire \u00e0 la sant\u00e9 ou \u00e0 porter atteinte \u00e0 l&rsquo;environnement.<\/p>\n<h4>Comment le bruit est-il mesur\u00e9 ?<\/h4>\n<p>L&rsquo;unit\u00e9 de mesure des sons est le d\u00e9cibel (dB) qui correspond \u00e0 la plus petite pression acoustique susceptible d&rsquo;\u00eatre per\u00e7ue par l&rsquo;homme. Pour prendre en compte le niveau r\u00e9ellement per\u00e7u par l&rsquo;oreille, on utilise un d\u00e9cibel physiologique appel\u00e9 d\u00e9cibel A [dB(A)].<\/p>\n<p>Les valeurs limites en termes de bruit fix\u00e9es par la r\u00e9glementation se d\u00e9finissent gr\u00e2ce \u00e0 la notion \u00ab\u00a0d&rsquo;\u00e9mergence\u00a0\u00bb. L&rsquo;\u00e9mergence est la diff\u00e9rence entre le niveau de bruit ambiant, comportant le bruit particulier \u00e0 l&rsquo;origine de la g\u00eane, et le niveau de bruit r\u00e9siduel, constitu\u00e9 par l&rsquo;ensemble des bruits habituels correspondant \u00e0 l&rsquo;occupation normale des locaux et au fonctionnement normal des \u00e9quipements.<\/p>\n<h4>Sources de bruit<\/h4>\n<p><em>Illustration\u00a0: source Bruitparif<\/em><\/p>\n<h4><img loading=\"lazy\" decoding=\"async\" width=\"925\" height=\"537\" class=\"alignleft size-full wp-image-76772\" src=\"https:\/\/www.clients.horus-informatique71.fr\/advocnar_backup\/wp-content\/uploads\/2021\/04\/Echelle-des-decibles-Bruitparif.png\" alt=\"\" srcset=\"https:\/\/www.clients.horus-informatique71.fr\/advocnar_backup\/wp-content\/uploads\/2021\/04\/Echelle-des-decibles-Bruitparif.png 925w, https:\/\/www.clients.horus-informatique71.fr\/advocnar_backup\/wp-content\/uploads\/2021\/04\/Echelle-des-decibles-Bruitparif-300x174.png 300w, https:\/\/www.clients.horus-informatique71.fr\/advocnar_backup\/wp-content\/uploads\/2021\/04\/Echelle-des-decibles-Bruitparif-768x446.png 768w\" sizes=\"(max-width: 925px) 100vw, 925px\" \/><\/h4>\n<h4><\/h4>\n<h4>G\u00eane et qualit\u00e9 de vie<\/h4>\n<p>Le bruit d&rsquo;un avion, grandeur mesurable et objective, est interpr\u00e9t\u00e9 \u00ab\u00a0psychologiquement\u00a0\u00bb par chaque riverain comme une g\u00eane plus ou moins vive. Cette g\u00eane d\u00e9pend certes de l&rsquo;intensit\u00e9 du bruit et du trafic, mais aussi de nombreux facteurs, la nuit ou le jour, la saison, \u00e9tat de sant\u00e9 de l&rsquo;individu, sa qualit\u00e9 de locataire ou de propri\u00e9taire, etc. C&rsquo;est pourquoi il est difficile d&rsquo;\u00e9laborer des indicateurs qui repr\u00e9sentent bien la g\u00eane sonore.<\/p>\n<p>Notre association effectue r\u00e9guli\u00e8rement des mesures de bruit chez les riverains; ces mesures sont effectu\u00e9es \u00e0 l&rsquo;aide d&rsquo;un sonom\u00e8tre de marque O1dB, classe 2, type SLS95S.<\/p>\n<p>Le mat\u00e9riel est install\u00e9 soit \u00e0 l&rsquo;ext\u00e9rieur des locaux, soit \u00e0 l&rsquo;int\u00e9rieur d&rsquo;une chambre \u00e0 coucher afin de refl\u00e9ter les conditions de vie des habitants.<\/p>\n<p><a href=\"https:\/\/www.clients.horus-informatique71.fr\/advocnar_backup\/wp-content\/uploads\/2016\/04\/MesuresdebruitaStBrice.pdf\" rel=\"\">Exemple de relev\u00e9 fait \u00e0 St Brice-sous-For\u00eat<\/a> la nuit et \u00e0 <a href=\"https:\/\/www.clients.horus-informatique71.fr\/advocnar_backup\/wp-content\/uploads\/2016\/04\/mesures_nuit_a_soisy.pdf\" rel=\"\">Soisy-sous-Montmorency<\/a> les avions \u00e9tant au d\u00e9collage. On voit tr\u00e8s nettement que les 45 dBA (valeur \u00e0 ne pas d\u00e9passer selon l&rsquo;OMS pour avoir un sommeil r\u00e9parateur) sont largement d\u00e9pass\u00e9s; l&rsquo;isolation phonique ne sert \u00e0 rien en \u00e9t\u00e9 car les fen\u00eatres sont alors grandes ouvertes.[\/vc_column_text][\/vc_column][\/vc_row]<\/p>\n","protected":false},"excerpt":{"rendered":"<p>[vc_row type=\u00a0\u00bbcontainer\u00a0\u00bb padding_top=\u00a0\u00bb\u00a0\u00bb padding_bottom=\u00a0\u00bb\u00a0\u00bb][vc_column][vc_column_text] Le bruit assassine les pens\u00e9esNietzsche [\/vc_column_text][\/vc_column][\/vc_row][vc_row type=\u00a0\u00bbcontainer\u00a0\u00bb padding_top=\u00a0\u00bb\u00a0\u00bb padding_bottom=\u00a0\u00bb\u00a0\u00bb][vc_column][vc_column_text] Qu&rsquo;est-ce que le bruit ? Le bruit est une vibration de l&rsquo;air qui se propage. Il peut devenir g\u00eanant lorsque, en raison de sa nature, de sa fr\u00e9quence ou de son intensit\u00e9 ; il est de nature \u00e0 causer des troubles excessifs [&hellip;]<\/p>\n","protected":false},"author":18,"featured_media":0,"parent":0,"menu_order":0,"comment_status":"closed","ping_status":"closed","template":"","meta":{"footnotes":""},"yoast_head":"<!-- This site is optimized with the Yoast SEO plugin v22.0 - https:\/\/yoast.com\/wordpress\/plugins\/seo\/ -->\n<title>Le bruit - Advocnar<\/title>\n<meta name=\"robots\" content=\"index, follow, max-snippet:-1, max-image-preview:large, max-video-preview:-1\" \/>\n<link rel=\"canonical\" href=\"https:\/\/www.clients.horus-informatique71.fr\/advocnar_backup\/le-bruit\/\" \/>\n<meta property=\"og:locale\" content=\"fr_FR\" \/>\n<meta property=\"og:type\" content=\"article\" \/>\n<meta property=\"og:title\" content=\"Le bruit - Advocnar\" \/>\n<meta property=\"og:description\" content=\"[vc_row type=\u00a0\u00bbcontainer\u00a0\u00bb padding_top=\u00a0\u00bb\u00a0\u00bb padding_bottom=\u00a0\u00bb\u00a0\u00bb][vc_column][vc_column_text] Le bruit assassine les pens\u00e9esNietzsche [\/vc_column_text][\/vc_column][\/vc_row][vc_row type=\u00a0\u00bbcontainer\u00a0\u00bb padding_top=\u00a0\u00bb\u00a0\u00bb padding_bottom=\u00a0\u00bb\u00a0\u00bb][vc_column][vc_column_text] Qu&rsquo;est-ce que le bruit ? Le bruit est une vibration de l&rsquo;air qui se propage. Il peut devenir g\u00eanant lorsque, en raison de sa nature, de sa fr\u00e9quence ou de son intensit\u00e9 ; il est de nature \u00e0 causer des troubles excessifs [&hellip;]\" \/>\n<meta property=\"og:url\" content=\"https:\/\/www.clients.horus-informatique71.fr\/advocnar_backup\/le-bruit\/\" \/>\n<meta property=\"og:site_name\" content=\"Advocnar\" \/>\n<meta property=\"article:modified_time\" content=\"2021-04-04T18:05:51+00:00\" \/>\n<meta property=\"og:image\" content=\"https:\/\/www.advocnar.frwp-content\/uploads\/2021\/04\/Echelle-des-decibles-Bruitparif.png\" \/>\n<meta name=\"twitter:card\" content=\"summary_large_image\" \/>\n<meta name=\"twitter:label1\" content=\"Dur\u00e9e de lecture estim\u00e9e\" \/>\n\t<meta name=\"twitter:data1\" content=\"2 minutes\" \/>\n<script type=\"application\/ld+json\" class=\"yoast-schema-graph\">{\"@context\":\"https:\/\/schema.org\",\"@graph\":[{\"@type\":\"WebPage\",\"@id\":\"https:\/\/www.clients.horus-informatique71.fr\/advocnar_backup\/le-bruit\/\",\"url\":\"https:\/\/www.clients.horus-informatique71.fr\/advocnar_backup\/le-bruit\/\",\"name\":\"Le bruit - Advocnar\",\"isPartOf\":{\"@id\":\"https:\/\/www.clients.horus-informatique71.fr\/advocnar_backup\/#website\"},\"datePublished\":\"2016-04-27T12:10:33+00:00\",\"dateModified\":\"2021-04-04T18:05:51+00:00\",\"breadcrumb\":{\"@id\":\"https:\/\/www.clients.horus-informatique71.fr\/advocnar_backup\/le-bruit\/#breadcrumb\"},\"inLanguage\":\"fr-FR\",\"potentialAction\":[{\"@type\":\"ReadAction\",\"target\":[\"https:\/\/www.clients.horus-informatique71.fr\/advocnar_backup\/le-bruit\/\"]}]},{\"@type\":\"BreadcrumbList\",\"@id\":\"https:\/\/www.clients.horus-informatique71.fr\/advocnar_backup\/le-bruit\/#breadcrumb\",\"itemListElement\":[{\"@type\":\"ListItem\",\"position\":1,\"name\":\"Accueil\",\"item\":\"https:\/\/www.clients.horus-informatique71.fr\/advocnar_backup\/\"},{\"@type\":\"ListItem\",\"position\":2,\"name\":\"Le bruit\"}]},{\"@type\":\"WebSite\",\"@id\":\"https:\/\/www.clients.horus-informatique71.fr\/advocnar_backup\/#website\",\"url\":\"https:\/\/www.clients.horus-informatique71.fr\/advocnar_backup\/\",\"name\":\"Advocnar\",\"description\":\"Association de D\u00e9fense Contre les Nuisances A\u00e9riennes\",\"potentialAction\":[{\"@type\":\"SearchAction\",\"target\":{\"@type\":\"EntryPoint\",\"urlTemplate\":\"https:\/\/www.clients.horus-informatique71.fr\/advocnar_backup\/?s={search_term_string}\"},\"query-input\":\"required name=search_term_string\"}],\"inLanguage\":\"fr-FR\"}]}<\/script>\n<!-- \/ Yoast SEO plugin. -->","yoast_head_json":{"title":"Le bruit - Advocnar","robots":{"index":"index","follow":"follow","max-snippet":"max-snippet:-1","max-image-preview":"max-image-preview:large","max-video-preview":"max-video-preview:-1"},"canonical":"https:\/\/www.clients.horus-informatique71.fr\/advocnar_backup\/le-bruit\/","og_locale":"fr_FR","og_type":"article","og_title":"Le bruit - Advocnar","og_description":"[vc_row type=\u00a0\u00bbcontainer\u00a0\u00bb padding_top=\u00a0\u00bb\u00a0\u00bb padding_bottom=\u00a0\u00bb\u00a0\u00bb][vc_column][vc_column_text] Le bruit assassine les pens\u00e9esNietzsche [\/vc_column_text][\/vc_column][\/vc_row][vc_row type=\u00a0\u00bbcontainer\u00a0\u00bb padding_top=\u00a0\u00bb\u00a0\u00bb padding_bottom=\u00a0\u00bb\u00a0\u00bb][vc_column][vc_column_text] Qu&rsquo;est-ce que le bruit ? Le bruit est une vibration de l&rsquo;air qui se propage. Il peut devenir g\u00eanant lorsque, en raison de sa nature, de sa fr\u00e9quence ou de son intensit\u00e9 ; il est de nature \u00e0 causer des troubles excessifs [&hellip;]","og_url":"https:\/\/www.clients.horus-informatique71.fr\/advocnar_backup\/le-bruit\/","og_site_name":"Advocnar","article_modified_time":"2021-04-04T18:05:51+00:00","og_image":[{"url":"https:\/\/www.advocnar.frwp-content\/uploads\/2021\/04\/Echelle-des-decibles-Bruitparif.png"}],"twitter_card":"summary_large_image","twitter_misc":{"Dur\u00e9e de lecture estim\u00e9e":"2 minutes"},"schema":{"@context":"https:\/\/schema.org","@graph":[{"@type":"WebPage","@id":"https:\/\/www.clients.horus-informatique71.fr\/advocnar_backup\/le-bruit\/","url":"https:\/\/www.clients.horus-informatique71.fr\/advocnar_backup\/le-bruit\/","name":"Le bruit - Advocnar","isPartOf":{"@id":"https:\/\/www.clients.horus-informatique71.fr\/advocnar_backup\/#website"},"datePublished":"2016-04-27T12:10:33+00:00","dateModified":"2021-04-04T18:05:51+00:00","breadcrumb":{"@id":"https:\/\/www.clients.horus-informatique71.fr\/advocnar_backup\/le-bruit\/#breadcrumb"},"inLanguage":"fr-FR","potentialAction":[{"@type":"ReadAction","target":["https:\/\/www.clients.horus-informatique71.fr\/advocnar_backup\/le-bruit\/"]}]},{"@type":"BreadcrumbList","@id":"https:\/\/www.clients.horus-informatique71.fr\/advocnar_backup\/le-bruit\/#breadcrumb","itemListElement":[{"@type":"ListItem","position":1,"name":"Accueil","item":"https:\/\/www.clients.horus-informatique71.fr\/advocnar_backup\/"},{"@type":"ListItem","position":2,"name":"Le bruit"}]},{"@type":"WebSite","@id":"https:\/\/www.clients.horus-informatique71.fr\/advocnar_backup\/#website","url":"https:\/\/www.clients.horus-informatique71.fr\/advocnar_backup\/","name":"Advocnar","description":"Association de D\u00e9fense Contre les Nuisances A\u00e9riennes","potentialAction":[{"@type":"SearchAction","target":{"@type":"EntryPoint","urlTemplate":"https:\/\/www.clients.horus-informatique71.fr\/advocnar_backup\/?s={search_term_string}"},"query-input":"required name=search_term_string"}],"inLanguage":"fr-FR"}]}},"_links":{"self":[{"href":"https:\/\/www.clients.horus-informatique71.fr\/advocnar_backup\/wp-json\/wp\/v2\/pages\/71588"}],"collection":[{"href":"https:\/\/www.clients.horus-informatique71.fr\/advocnar_backup\/wp-json\/wp\/v2\/pages"}],"about":[{"href":"https:\/\/www.clients.horus-informatique71.fr\/advocnar_backup\/wp-json\/wp\/v2\/types\/page"}],"author":[{"embeddable":true,"href":"https:\/\/www.clients.horus-informatique71.fr\/advocnar_backup\/wp-json\/wp\/v2\/users\/18"}],"replies":[{"embeddable":true,"href":"https:\/\/www.clients.horus-informatique71.fr\/advocnar_backup\/wp-json\/wp\/v2\/comments?post=71588"}],"version-history":[{"count":7,"href":"https:\/\/www.clients.horus-informatique71.fr\/advocnar_backup\/wp-json\/wp\/v2\/pages\/71588\/revisions"}],"predecessor-version":[{"id":76774,"href":"https:\/\/www.clients.horus-informatique71.fr\/advocnar_backup\/wp-json\/wp\/v2\/pages\/71588\/revisions\/76774"}],"wp:attachment":[{"href":"https:\/\/www.clients.horus-informatique71.fr\/advocnar_backup\/wp-json\/wp\/v2\/media?parent=71588"}],"curies":[{"name":"wp","href":"https:\/\/api.w.org\/{rel}","templated":true}]}}

<p>[vc_row type= »container » padding_top= » » padding_bottom= » »][vc_column][vc_column_text]</p>
<blockquote><p>Le bruit assassine les pensées<em>Nietzsche</em></p></blockquote>
<p>[/vc_column_text][/vc_column][/vc_row][vc_row type= »container » padding_top= » » padding_bottom= » »][vc_column][vc_column_text]</p>
<h4>Qu&rsquo;est-ce que le bruit ?</h4>
<p>Le bruit est une vibration de l&rsquo;air qui se propage. Il peut devenir gênant lorsque, en raison de sa nature, de sa fréquence ou de son intensité ; il est de nature à causer des troubles excessifs aux personnes, des dangers, à nuire à la santé ou à porter atteinte à l&rsquo;environnement.</p>
<h4>Comment le bruit est-il mesuré ?</h4>
<p>L&rsquo;unité de mesure des sons est le décibel (dB) qui correspond à la plus petite pression acoustique susceptible d&rsquo;être perçue par l&rsquo;homme. Pour prendre en compte le niveau réellement perçu par l&rsquo;oreille, on utilise un décibel physiologique appelé décibel A [dB(A)].</p>
<p>Les valeurs limites en termes de bruit fixées par la réglementation se définissent grâce à la notion « d&rsquo;émergence ». L&rsquo;émergence est la différence entre le niveau de bruit ambiant, comportant le bruit particulier à l&rsquo;origine de la gêne, et le niveau de bruit résiduel, constitué par l&rsquo;ensemble des bruits habituels correspondant à l&rsquo;occupation normale des locaux et au fonctionnement normal des équipements.</p>
<h4>Sources de bruit</h4>
<p><em>Illustration : source Bruitparif</em></p>
<h4><img loading="lazy" decoding="async" width="925" height="537" class="alignleft size-full wp-image-76772" src="https://www.clients.horus-informatique71.fr/advocnar_backup/wp-content/uploads/2021/04/Echelle-des-decibles-Bruitparif.png" alt="" srcset="https://www.clients.horus-informatique71.fr/advocnar_backup/wp-content/uploads/2021/04/Echelle-des-decibles-Bruitparif.png 925w, https://www.clients.horus-informatique71.fr/advocnar_backup/wp-content/uploads/2021/04/Echelle-des-decibles-Bruitparif-300x174.png 300w, https://www.clients.horus-informatique71.fr/advocnar_backup/wp-content/uploads/2021/04/Echelle-des-decibles-Bruitparif-768x446.png 768w" sizes="(max-width: 925px) 100vw, 925px" /></h4>
<h4></h4>
<h4>Gêne et qualité de vie</h4>
<p>Le bruit d&rsquo;un avion, grandeur mesurable et objective, est interprété « psychologiquement » par chaque riverain comme une gêne plus ou moins vive. Cette gêne dépend certes de l&rsquo;intensité du bruit et du trafic, mais aussi de nombreux facteurs, la nuit ou le jour, la saison, état de santé de l&rsquo;individu, sa qualité de locataire ou de propriétaire, etc. C&rsquo;est pourquoi il est difficile d&rsquo;élaborer des indicateurs qui représentent bien la gêne sonore.</p>
<p>Notre association effectue régulièrement des mesures de bruit chez les riverains; ces mesures sont effectuées à l&rsquo;aide d&rsquo;un sonomètre de marque O1dB, classe 2, type SLS95S.</p>
<p>Le matériel est installé soit à l&rsquo;extérieur des locaux, soit à l&rsquo;intérieur d&rsquo;une chambre à coucher afin de refléter les conditions de vie des habitants.</p>
<p><a href="https://www.clients.horus-informatique71.fr/advocnar_backup/wp-content/uploads/2016/04/MesuresdebruitaStBrice.pdf" rel="">Exemple de relevé fait à St Brice-sous-Forêt</a> la nuit et à <a href="https://www.clients.horus-informatique71.fr/advocnar_backup/wp-content/uploads/2016/04/mesures_nuit_a_soisy.pdf" rel="">Soisy-sous-Montmorency</a> les avions étant au décollage. On voit très nettement que les 45 dBA (valeur à ne pas dépasser selon l&rsquo;OMS pour avoir un sommeil réparateur) sont largement dépassés; l&rsquo;isolation phonique ne sert à rien en été car les fenêtres sont alors grandes ouvertes.[/vc_column_text][/vc_column][/vc_row]</p>

<p>[vc_row type= »container » padding_top= » » padding_bottom= » »][vc_column][vc_column_text] Le bruit assassine les penséesNietzsche [/vc_column_text][/vc_column][/vc_row][vc_row type= »container » padding_top= » » padding_bottom= » »][vc_column][vc_column_text] Qu&rsquo;est-ce que le bruit ? Le bruit est une vibration de l&rsquo;air qui se propage. Il peut devenir gênant lorsque, en raison de sa nature, de sa fréquence ou de son intensité ; il est de nature à causer des troubles excessifs [&hellip;]</p>

<!-- This site is optimized with the Yoast SEO plugin v22.0 - https://yoast.com/wordpress/plugins/seo/ -->
<title>Le bruit - Advocnar</title>
<meta name="robots" content="index, follow, max-snippet:-1, max-image-preview:large, max-video-preview:-1" />
<link rel="canonical" href="https://www.clients.horus-informatique71.fr/advocnar_backup/le-bruit/" />
<meta property="og:locale" content="fr_FR" />
<meta property="og:type" content="article" />
<meta property="og:title" content="Le bruit - Advocnar" />
<meta property="og:description" content="[vc_row type= »container » padding_top= » » padding_bottom= » »][vc_column][vc_column_text] Le bruit assassine les penséesNietzsche [/vc_column_text][/vc_column][/vc_row][vc_row type= »container » padding_top= » » padding_bottom= » »][vc_column][vc_column_text] Qu&rsquo;est-ce que le bruit ? Le bruit est une vibration de l&rsquo;air qui se propage. Il peut devenir gênant lorsque, en raison de sa nature, de sa fréquence ou de son intensité ; il est de nature à causer des troubles excessifs [&hellip;]" />
<meta property="og:url" content="https://www.clients.horus-informatique71.fr/advocnar_backup/le-bruit/" />
<meta property="og:site_name" content="Advocnar" />
<meta property="article:modified_time" content="2021-04-04T18:05:51+00:00" />
<meta property="og:image" content="https://www.advocnar.frwp-content/uploads/2021/04/Echelle-des-decibles-Bruitparif.png" />
<meta name="twitter:card" content="summary_large_image" />
<meta name="twitter:label1" content="Durée de lecture estimée" />
	<meta name="twitter:data1" content="2 minutes" />
<script type="application/ld+json" class="yoast-schema-graph">{"@context":"https://schema.org","@graph":[{"@type":"WebPage","@id":"https://www.clients.horus-informatique71.fr/advocnar_backup/le-bruit/","url":"https://www.clients.horus-informatique71.fr/advocnar_backup/le-bruit/","name":"Le bruit - Advocnar","isPartOf":{"@id":"https://www.clients.horus-informatique71.fr/advocnar_backup/#website"},"datePublished":"2016-04-27T12:10:33+00:00","dateModified":"2021-04-04T18:05:51+00:00","breadcrumb":{"@id":"https://www.clients.horus-informatique71.fr/advocnar_backup/le-bruit/#breadcrumb"},"inLanguage":"fr-FR","potentialAction":[{"@type":"ReadAction","target":["https://www.clients.horus-informatique71.fr/advocnar_backup/le-bruit/"]}]},{"@type":"BreadcrumbList","@id":"https://www.clients.horus-informatique71.fr/advocnar_backup/le-bruit/#breadcrumb","itemListElement":[{"@type":"ListItem","position":1,"name":"Accueil","item":"https://www.clients.horus-informatique71.fr/advocnar_backup/"},{"@type":"ListItem","position":2,"name":"Le bruit"}]},{"@type":"WebSite","@id":"https://www.clients.horus-informatique71.fr/advocnar_backup/#website","url":"https://www.clients.horus-informatique71.fr/advocnar_backup/","name":"Advocnar","description":"Association de Défense Contre les Nuisances Aériennes","potentialAction":[{"@type":"SearchAction","target":{"@type":"EntryPoint","urlTemplate":"https://www.clients.horus-informatique71.fr/advocnar_backup/?s={search_term_string}"},"query-input":"required name=search_term_string"}],"inLanguage":"fr-FR"}]}</script>
<!-- / Yoast SEO plugin. -->

[vc_row type= »container » padding_top= » » padding_bottom= » »][vc_column][vc_column_text] Le bruit assassine les penséesNietzsche [/vc_column_text][/vc_column][/vc_row][vc_row type= »container » padding_top= » » padding_bottom= » »][vc_column][vc_column_text] Qu&rsquo;est-ce que le bruit ? Le bruit est une vibration de l&rsquo;air qui se propage. Il peut devenir gênant lorsque, en raison de sa nature, de sa fréquence ou de son intensité ; il est de nature à causer des troubles excessifs [&hellip;]

Association de Défense Contre les Nuisances Aériennes
