{"id":71594,"date":"2016-04-27T13:11:36","date_gmt":"2016-04-27T12:11:36","guid":{"rendered":"https:\/\/www.clients.horus-informatique71.fr\/advocnar_backup\/?page_id=71594"},"modified":"2021-04-16T14:57:21","modified_gmt":"2021-04-16T12:57:21","slug":"bruit-et-sante","status":"publish","type":"page","link":"https:\/\/www.clients.horus-informatique71.fr\/advocnar_backup\/le-bruit\/bruit-et-sante\/","title":{"rendered":"Bruit et sant\u00e9"},"content":{"rendered":"<h2>Bruit et sant\u00e9<\/h2>\n<p>L\u2019exc\u00e8s de bruit a des effets sur les organes de l\u2019audition, mais peut aussi perturber l\u2019organisme en g\u00e9n\u00e9ral, et notamment le sommeil, le comportement.Les trafics a\u00e9riens et le fonctionnement des a\u00e9roports font l&rsquo;objet de contestations croissantes de la part des populations riveraines, en raison notamment des effets environnementaux et sanitaires induits. A ce titre, le bruit g\u00e9n\u00e9r\u00e9 par les avions est particuli\u00e8rement invoqu\u00e9 comme un facteur de d\u00e9gradation de leur bien-\u00eatre. Il est vrai qu\u2019en Ile-de-France par exemple, plus de 5,3 millions de personnes sont survol\u00e9es \u00e0 moins de 3 000 m\u00e8tres d&rsquo;altitude par l&rsquo;ensemble du trafic a\u00e9rien survolant cette r\u00e9gion. Caract\u00e9ris\u00e9 par une somme d\u2019\u00e9v\u00e8nements sonores irr\u00e9guliers provoquant une g\u00eane sonore, le bruit des avions s\u2019est affirm\u00e9 comme un enjeu de sant\u00e9 publique, du fait d\u2019une conscience grandissante des impacts qu&rsquo;il peut avoir.<\/p>\n<h4>Les effets du bruit sur l\u2019oreille<\/h4>\n<p>L\u2019oreille est l\u2019organe p\u00e9riph\u00e9rique de l\u2019audition. On y distingue trois parties bien diff\u00e9renci\u00e9es :<\/p>\n<ul>\n<li>l\u2019oreille externe qui, par le pavillon et le conduit auditif externe, concentre vers le tympan les vibrations des particules de l\u2019air ;<\/li>\n<li>l\u2019oreille moyenne, qui a pour fonction, \u00e0 l\u2019aide de la cha\u00eene des osselets (marteau, enclume, \u00e9trier), de transformer m\u00e9caniquement les vibrations a\u00e9riennes en vibrations solidiennes ;<\/li>\n<li>l\u2019oreille interne dans laquelle se trouve la cochl\u00e9e ; c\u2019est ici que si\u00e8gent les m\u00e9canismes de transformation des sons en ph\u00e9nom\u00e8nes \u00ab\u00e9lectriques\u00bb. La cochl\u00e9e (ou lima\u00e7on) est une cavit\u00e9 spiral\u00e9e contenant des liquides qui vont transmettre les vibrations provenant du tympan. Au sein de la cochl\u00e9e, se trouve l\u2019organe de Corti. Il s\u2019agit d\u2019un \u00e9l\u00e9ment important de l\u2019ou\u00efe, comprenant les cellules sensorielles de l\u2019audition, appel\u00e9es les cellules cili\u00e9es. Ces derni\u00e8res sont peu nombreuses, environ 15 000 par oreille (ce qui est tr\u00e8s peu en comparaison avec les millions de cellules r\u00e9tiniennes utilis\u00e9es pour la vision).<\/li>\n<\/ul>\n<p><img loading=\"lazy\" decoding=\"async\" class=\"wp-image-72060 size-full alignnone\" src=\"https:\/\/www.clients.horus-informatique71.fr\/advocnar_backup\/wp-content\/uploads\/2016\/04\/content-448_281_sante1.jpg\" alt=\"sch\u00e9ma de l'oreille\" width=\"448\" height=\"281\" srcset=\"https:\/\/www.clients.horus-informatique71.fr\/advocnar_backup\/wp-content\/uploads\/2016\/04\/content-448_281_sante1.jpg 448w, https:\/\/www.clients.horus-informatique71.fr\/advocnar_backup\/wp-content\/uploads\/2016\/04\/content-448_281_sante1-300x188.jpg 300w\" sizes=\"(max-width: 448px) 100vw, 448px\" \/><\/p>\n<p>On peut comparer les cils des cellules cili\u00e9es \u00e0 des algues dans l\u2019eau qui vont et viennent sous l&rsquo;effet d&rsquo;une vague, leur mouvement provoquant la transformation l&rsquo;onde de pression m\u00e9canique dans le liquide en signal \u00e9lectrique ; ce dernier est transmis au cerveau par le nerf auditif.<\/p>\n<div id=\"attachment_72061\" style=\"width: 393px\" class=\"wp-caption alignnone\"><img loading=\"lazy\" decoding=\"async\" aria-describedby=\"caption-attachment-72061\" class=\"wp-image-72061 size-full\" src=\"https:\/\/www.clients.horus-informatique71.fr\/advocnar_backup\/wp-content\/uploads\/2016\/04\/content-383_257_sante2.jpg\" alt=\"\" width=\"383\" height=\"257\" srcset=\"https:\/\/www.clients.horus-informatique71.fr\/advocnar_backup\/wp-content\/uploads\/2016\/04\/content-383_257_sante2.jpg 383w, https:\/\/www.clients.horus-informatique71.fr\/advocnar_backup\/wp-content\/uploads\/2016\/04\/content-383_257_sante2-300x201.jpg 300w\" sizes=\"(max-width: 383px) 100vw, 383px\" \/><p id=\"caption-attachment-72061\" class=\"wp-caption-text\"><em>Cils des cellules cili\u00e9es<\/em><\/p><\/div>\n<p>Les traumatismes sonores et leurs cons\u00e9quences. La base de l\u2019intelligibilit\u00e9 du langage est li\u00e9e \u00e0 l\u2019\u00e9tat des cellules cili\u00e9es. Or, ce sont les premiers \u00e9l\u00e9ments \u00e0 \u00eatre endommag\u00e9s par une exposition trop importante au bruit. Les cellules cili\u00e9es endommag\u00e9es ne sont pas remplac\u00e9es ; leur perte est irr\u00e9versible et responsable de troubles de l\u2019audition et de l\u2019\u00e9quilibre.<\/p>\n<h4>Le bruit, un enjeu de sant\u00e9 publique<\/h4>\n<p>Le bruit agit sur notre sant\u00e9. <a href=\"https:\/\/www.clients.horus-informatique71.fr\/advocnar_backup\/wp-content\/uploads\/2016\/04\/WHO-KIM-Presentation-REIMS-2007-Francais.ppt\" rel=\"\">les effets<\/a> imm\u00e9diats se caract\u00e9risent par :<\/p>\n<ul>\n<li>une augmentation de la fr\u00e9quence cardiaque,<\/li>\n<li>une augmentation de la pression art\u00e9rielle (les plus vuln\u00e9rables sont les personnes \u00e2g\u00e9es avec des risques d&rsquo;accidents vasculaires),<\/li>\n<li>une diminution de la vigilance (accidents domestiques et circulation),<\/li>\n<li>une diminution de l&rsquo;attention (dans les usines expos\u00e9e au bruit le taux d&rsquo;accident de travail est multipli\u00e9 par 4),<br \/>\nune diminution de la capacit\u00e9 de m\u00e9morisation,<\/li>\n<li>une agitation anormale.<\/li>\n<\/ul>\n<p>Chez l&rsquo;adulte jeune les troubles se caract\u00e9risent par :<\/p>\n<ul>\n<li>des insomnies,<\/li>\n<li>un stress,<\/li>\n<li>une augmentation de la tension nerveuse,<\/li>\n<li>une boulimie,<\/li>\n<li>une hypertension art\u00e9rielle chronique,<\/li>\n<li>de l&rsquo;anxi\u00e9t\u00e9,<\/li>\n<li>un comportement d\u00e9pressif,<\/li>\n<li>des troubles de la sexualit\u00e9.<\/li>\n<\/ul>\n<p>Chez l&rsquo;enfant expos\u00e9 au bruit permanent, on a pu remarquer :<\/p>\n<ul>\n<li>une tension art\u00e9rielle anormalement \u00e9lev\u00e9e,<\/li>\n<li>un taux d&rsquo;erreurs de compr\u00e9hension en classe quatre fois plus \u00e9lev\u00e9,<\/li>\n<li>un\u00a0<a href=\"https:\/\/www.clients.horus-informatique71.fr\/advocnar_backup\/wp-content\/uploads\/2016\/04\/nuisances_scolarite.pdf\" rel=\"\">apprentissage de la lecture retard\u00e9<\/a> et un taux de dyslexie augment\u00e9 de fa\u00e7on significative.<\/li>\n<\/ul>\n<h4>Impacts psychologiques<\/h4>\n<p>A l\u2019impact direct sur la sant\u00e9 s\u2019ajoutent des ph\u00e9nom\u00e8nes psychologiques du bruit qui accroissent la perception de g\u00eane : la crainte d\u2019un accident d\u2019avion, l\u2019incontr\u00f4labilit\u00e9 du bruit par celui qui le subit &#8230;<\/p>\n<h4>Conclusion<\/h4>\n<p>L&rsquo;organisme s&rsquo;habitue-t-il au bruit ? En r\u00e9alit\u00e9 non ! Les personnes soumises \u00e0 des bruits continuels (voisinage d&rsquo;autoroutes ou a\u00e9roports) pensent s&rsquo;\u00eatre habitu\u00e9es, mais leurs \u00e9lectroenc\u00e9phalogrammes montrent un sommeil perturb\u00e9 et non r\u00e9parateur.<\/p>\n<p>La prise en compte de la qualit\u00e9 de l&rsquo;environnement sonore doit devenir un r\u00e9flexe dans toutes les communes, la lutte contre le bruit une priorit\u00e9 de sant\u00e9 publique.<\/p>\n","protected":false},"excerpt":{"rendered":"<p>Bruit et sant\u00e9 L\u2019exc\u00e8s de bruit a des effets sur les organes de l\u2019audition, mais peut aussi perturber l\u2019organisme en g\u00e9n\u00e9ral, et notamment le sommeil, le comportement.Les trafics a\u00e9riens et le fonctionnement des a\u00e9roports font l&rsquo;objet de contestations croissantes de la part des populations riveraines, en raison notamment des effets environnementaux et sanitaires induits. A [&hellip;]<\/p>\n","protected":false},"author":18,"featured_media":0,"parent":71588,"menu_order":0,"comment_status":"closed","ping_status":"closed","template":"","meta":{"footnotes":""},"yoast_head":"<!-- This site is optimized with the Yoast SEO plugin v22.0 - https:\/\/yoast.com\/wordpress\/plugins\/seo\/ -->\n<title>Bruit et sant\u00e9 - Advocnar<\/title>\n<meta name=\"robots\" content=\"index, follow, max-snippet:-1, max-image-preview:large, max-video-preview:-1\" \/>\n<link rel=\"canonical\" href=\"https:\/\/www.clients.horus-informatique71.fr\/advocnar_backup\/le-bruit\/bruit-et-sante\/\" \/>\n<meta property=\"og:locale\" content=\"fr_FR\" \/>\n<meta property=\"og:type\" content=\"article\" \/>\n<meta property=\"og:title\" content=\"Bruit et sant\u00e9 - Advocnar\" \/>\n<meta property=\"og:description\" content=\"Bruit et sant\u00e9 L\u2019exc\u00e8s de bruit a des effets sur les organes de l\u2019audition, mais peut aussi perturber l\u2019organisme en g\u00e9n\u00e9ral, et notamment le sommeil, le comportement.Les trafics a\u00e9riens et le fonctionnement des a\u00e9roports font l&rsquo;objet de contestations croissantes de la part des populations riveraines, en raison notamment des effets environnementaux et sanitaires induits. A [&hellip;]\" \/>\n<meta property=\"og:url\" content=\"https:\/\/www.clients.horus-informatique71.fr\/advocnar_backup\/le-bruit\/bruit-et-sante\/\" \/>\n<meta property=\"og:site_name\" content=\"Advocnar\" \/>\n<meta property=\"article:modified_time\" content=\"2021-04-16T12:57:21+00:00\" \/>\n<meta property=\"og:image\" content=\"https:\/\/www.advocnar.frwp-content\/uploads\/2016\/04\/content-448_281_sante1.jpg\" \/>\n<meta name=\"twitter:card\" content=\"summary_large_image\" \/>\n<meta name=\"twitter:label1\" content=\"Dur\u00e9e de lecture estim\u00e9e\" \/>\n\t<meta name=\"twitter:data1\" content=\"4 minutes\" \/>\n<script type=\"application\/ld+json\" class=\"yoast-schema-graph\">{\"@context\":\"https:\/\/schema.org\",\"@graph\":[{\"@type\":\"WebPage\",\"@id\":\"https:\/\/www.clients.horus-informatique71.fr\/advocnar_backup\/le-bruit\/bruit-et-sante\/\",\"url\":\"https:\/\/www.clients.horus-informatique71.fr\/advocnar_backup\/le-bruit\/bruit-et-sante\/\",\"name\":\"Bruit et sant\u00e9 - Advocnar\",\"isPartOf\":{\"@id\":\"https:\/\/www.clients.horus-informatique71.fr\/advocnar_backup\/#website\"},\"datePublished\":\"2016-04-27T12:11:36+00:00\",\"dateModified\":\"2021-04-16T12:57:21+00:00\",\"breadcrumb\":{\"@id\":\"https:\/\/www.clients.horus-informatique71.fr\/advocnar_backup\/le-bruit\/bruit-et-sante\/#breadcrumb\"},\"inLanguage\":\"fr-FR\",\"potentialAction\":[{\"@type\":\"ReadAction\",\"target\":[\"https:\/\/www.clients.horus-informatique71.fr\/advocnar_backup\/le-bruit\/bruit-et-sante\/\"]}]},{\"@type\":\"BreadcrumbList\",\"@id\":\"https:\/\/www.clients.horus-informatique71.fr\/advocnar_backup\/le-bruit\/bruit-et-sante\/#breadcrumb\",\"itemListElement\":[{\"@type\":\"ListItem\",\"position\":1,\"name\":\"Accueil\",\"item\":\"https:\/\/www.clients.horus-informatique71.fr\/advocnar_backup\/\"},{\"@type\":\"ListItem\",\"position\":2,\"name\":\"Le bruit\",\"item\":\"https:\/\/www.clients.horus-informatique71.fr\/advocnar_backup\/le-bruit\/\"},{\"@type\":\"ListItem\",\"position\":3,\"name\":\"Bruit et sant\u00e9\"}]},{\"@type\":\"WebSite\",\"@id\":\"https:\/\/www.clients.horus-informatique71.fr\/advocnar_backup\/#website\",\"url\":\"https:\/\/www.clients.horus-informatique71.fr\/advocnar_backup\/\",\"name\":\"Advocnar\",\"description\":\"Association de D\u00e9fense Contre les Nuisances A\u00e9riennes\",\"potentialAction\":[{\"@type\":\"SearchAction\",\"target\":{\"@type\":\"EntryPoint\",\"urlTemplate\":\"https:\/\/www.clients.horus-informatique71.fr\/advocnar_backup\/?s={search_term_string}\"},\"query-input\":\"required name=search_term_string\"}],\"inLanguage\":\"fr-FR\"}]}<\/script>\n<!-- \/ Yoast SEO plugin. -->","yoast_head_json":{"title":"Bruit et sant\u00e9 - Advocnar","robots":{"index":"index","follow":"follow","max-snippet":"max-snippet:-1","max-image-preview":"max-image-preview:large","max-video-preview":"max-video-preview:-1"},"canonical":"https:\/\/www.clients.horus-informatique71.fr\/advocnar_backup\/le-bruit\/bruit-et-sante\/","og_locale":"fr_FR","og_type":"article","og_title":"Bruit et sant\u00e9 - Advocnar","og_description":"Bruit et sant\u00e9 L\u2019exc\u00e8s de bruit a des effets sur les organes de l\u2019audition, mais peut aussi perturber l\u2019organisme en g\u00e9n\u00e9ral, et notamment le sommeil, le comportement.Les trafics a\u00e9riens et le fonctionnement des a\u00e9roports font l&rsquo;objet de contestations croissantes de la part des populations riveraines, en raison notamment des effets environnementaux et sanitaires induits. A [&hellip;]","og_url":"https:\/\/www.clients.horus-informatique71.fr\/advocnar_backup\/le-bruit\/bruit-et-sante\/","og_site_name":"Advocnar","article_modified_time":"2021-04-16T12:57:21+00:00","og_image":[{"url":"https:\/\/www.advocnar.frwp-content\/uploads\/2016\/04\/content-448_281_sante1.jpg"}],"twitter_card":"summary_large_image","twitter_misc":{"Dur\u00e9e de lecture estim\u00e9e":"4 minutes"},"schema":{"@context":"https:\/\/schema.org","@graph":[{"@type":"WebPage","@id":"https:\/\/www.clients.horus-informatique71.fr\/advocnar_backup\/le-bruit\/bruit-et-sante\/","url":"https:\/\/www.clients.horus-informatique71.fr\/advocnar_backup\/le-bruit\/bruit-et-sante\/","name":"Bruit et sant\u00e9 - Advocnar","isPartOf":{"@id":"https:\/\/www.clients.horus-informatique71.fr\/advocnar_backup\/#website"},"datePublished":"2016-04-27T12:11:36+00:00","dateModified":"2021-04-16T12:57:21+00:00","breadcrumb":{"@id":"https:\/\/www.clients.horus-informatique71.fr\/advocnar_backup\/le-bruit\/bruit-et-sante\/#breadcrumb"},"inLanguage":"fr-FR","potentialAction":[{"@type":"ReadAction","target":["https:\/\/www.clients.horus-informatique71.fr\/advocnar_backup\/le-bruit\/bruit-et-sante\/"]}]},{"@type":"BreadcrumbList","@id":"https:\/\/www.clients.horus-informatique71.fr\/advocnar_backup\/le-bruit\/bruit-et-sante\/#breadcrumb","itemListElement":[{"@type":"ListItem","position":1,"name":"Accueil","item":"https:\/\/www.clients.horus-informatique71.fr\/advocnar_backup\/"},{"@type":"ListItem","position":2,"name":"Le bruit","item":"https:\/\/www.clients.horus-informatique71.fr\/advocnar_backup\/le-bruit\/"},{"@type":"ListItem","position":3,"name":"Bruit et sant\u00e9"}]},{"@type":"WebSite","@id":"https:\/\/www.clients.horus-informatique71.fr\/advocnar_backup\/#website","url":"https:\/\/www.clients.horus-informatique71.fr\/advocnar_backup\/","name":"Advocnar","description":"Association de D\u00e9fense Contre les Nuisances A\u00e9riennes","potentialAction":[{"@type":"SearchAction","target":{"@type":"EntryPoint","urlTemplate":"https:\/\/www.clients.horus-informatique71.fr\/advocnar_backup\/?s={search_term_string}"},"query-input":"required name=search_term_string"}],"inLanguage":"fr-FR"}]}},"_links":{"self":[{"href":"https:\/\/www.clients.horus-informatique71.fr\/advocnar_backup\/wp-json\/wp\/v2\/pages\/71594"}],"collection":[{"href":"https:\/\/www.clients.horus-informatique71.fr\/advocnar_backup\/wp-json\/wp\/v2\/pages"}],"about":[{"href":"https:\/\/www.clients.horus-informatique71.fr\/advocnar_backup\/wp-json\/wp\/v2\/types\/page"}],"author":[{"embeddable":true,"href":"https:\/\/www.clients.horus-informatique71.fr\/advocnar_backup\/wp-json\/wp\/v2\/users\/18"}],"replies":[{"embeddable":true,"href":"https:\/\/www.clients.horus-informatique71.fr\/advocnar_backup\/wp-json\/wp\/v2\/comments?post=71594"}],"version-history":[{"count":4,"href":"https:\/\/www.clients.horus-informatique71.fr\/advocnar_backup\/wp-json\/wp\/v2\/pages\/71594\/revisions"}],"predecessor-version":[{"id":76793,"href":"https:\/\/www.clients.horus-informatique71.fr\/advocnar_backup\/wp-json\/wp\/v2\/pages\/71594\/revisions\/76793"}],"up":[{"embeddable":true,"href":"https:\/\/www.clients.horus-informatique71.fr\/advocnar_backup\/wp-json\/wp\/v2\/pages\/71588"}],"wp:attachment":[{"href":"https:\/\/www.clients.horus-informatique71.fr\/advocnar_backup\/wp-json\/wp\/v2\/media?parent=71594"}],"curies":[{"name":"wp","href":"https:\/\/api.w.org\/{rel}","templated":true}]}}