{"id":71603,"date":"2016-04-27T13:18:41","date_gmt":"2016-04-27T12:18:41","guid":{"rendered":"https:\/\/www.clients.horus-informatique71.fr\/advocnar_backup\/?page_id=71603"},"modified":"2021-04-16T15:01:08","modified_gmt":"2021-04-16T13:01:08","slug":"rechauffement","status":"publish","type":"page","link":"https:\/\/www.clients.horus-informatique71.fr\/advocnar_backup\/la-pollution\/rechauffement\/","title":{"rendered":"R\u00e9chauffement climatique"},"content":{"rendered":"<p>[vc_row type=\u00a0\u00bbcontainer\u00a0\u00bb padding_top=\u00a0\u00bb\u00a0\u00bb padding_bottom=\u00a0\u00bb\u00a0\u00bb][vc_column][vc_column_text]<\/p>\n<h3>R\u00e9chauffement climatique<\/h3>\n<p><strong>\u00a0<\/strong><\/p>\n<p>Selon l\u2019Agence Europ\u00e9enne de l\u2019Environnement, les \u00e9missions de CO2 des vols internationaux au d\u00e9part de l\u2019Union Europ\u00e9enne ont augment\u00e9 de 85% entre 1990 et 2004.<\/p>\n<p>D\u2019apr\u00e8s le <a href=\"http:\/\/www.ipcc.ch\/\">GIEC<\/a> , (<a href=\"https:\/\/www.clients.horus-informatique71.fr\/advocnar_backup\/wp-content\/uploads\/2016\/04\/Aviation-et-Athmosphere-Planetaire-GIEC-1999.pdf\" rel=\"\">Rapport<\/a>\u00ab l\u2019Aviation et l\u2019atmosph\u00e8re plan\u00e9taire \u00bb 1999), la pollution caus\u00e9e par les avions, tout confondu (CO2 plus autres effets), contribuait, en 1992, pour 4 \u00e0 8% \u00e0 l\u2019effet de serre. Elle aura tripl\u00e9 d\u2019ici \u00e0 2015 si rien n\u2019est fait pour ma\u00eetriser le transport a\u00e9rien, et pourrait d\u00e9passer ainsi la contribution de l\u2019agriculture.<\/p>\n<p>L\u2019industrie et les compagnies a\u00e9riennes minimisent syst\u00e9matiquement les chiffres, d\u2019une part, en ne faisant \u00e9tat que du CO2 et non des autres \u00e9missions et effets associ\u00e9s et, d\u2019autre part, en faisant r\u00e9f\u00e9rence \u00e0 1992.<\/p>\n<p>En savoir plus<br \/>\nLes Amis de la Terre du Royaume-Uni ont calcul\u00e9 que si le transport a\u00e9rien continuait \u00e0 se d\u00e9velopper dans leur pays \u00e0 son rythme actuel, tous les efforts du pays pour ma\u00eetriser ses \u00e9missions de gaz \u00e0 effet de serre seraient annul\u00e9s en 2020.<\/p>\n<p>En 2000, le transport a\u00e9rien \u00e9tait responsable de 35 millions de tonnes de CO2 sur les 900 millions \u00e9mises dans l\u2019Europe des quinze. En 2030, il devrait en \u00e9mettre 100 millions si sa croissance se poursuit au rythme actuel.<\/p>\n<p>Or pour l\u2019instant, le trafic a\u00e9rien \u00e9chappe \u00e0 toutes contraintes :<\/p>\n<p>\u2022exclusion du protocole de Kyoto. Depuis peu, le calcul de la contribution globale du trafic a\u00e9rien a \u00e9t\u00e9 introduit mais sans qu\u2019aucun objectif par pays n\u2019ait \u00e9t\u00e9 fix\u00e9 ;<br \/>\n\u2022pas de taxes sur le k\u00e9ros\u00e8ne pour l\u2019aviation commerciale ;<br \/>\n\u2022taxe de 5,5% sur les billets d\u2019avions .[\/vc_column_text][\/vc_column][\/vc_row][vc_row type=\u00a0\u00bbcontainer\u00a0\u00bb padding_top=\u00a0\u00bb\u00a0\u00bb padding_bottom=\u00a0\u00bb\u00a0\u00bb][vc_column][vc_column_text]<\/p>\n<p align=\"justify\"><span style=\"font-size: small;\"><strong><a href=\"https:\/\/www.clients.horus-informatique71.fr\/advocnar_backup\/wp-content\/uploads\/2017\/03\/2007-03_te_annual_report_2006.pdf\">\u00ab\u00a0Clearing the air,<\/a>\u00a0, The Myth and Reality of Aviation and Climate Change\u00a0\u00bb<\/strong> de T&amp;E &#8211; European Federation for Transport and Environment et CAN-Europe \u2013 Climate Action Network Europe\u00a0 2007<\/span><\/p>\n<p align=\"justify\"><strong><br \/>\n<span style=\"font-size: small;\">\u00ab\u00a0Prise en compte des \u00e9missions de l\u2019aviation civile internationale dans un r\u00e9gime post-Kyoto\u00a0\u00bb.<\/span><\/strong><br \/>\n<span style=\"font-size: small;\"><a href=\"https:\/\/www.clients.horus-informatique71.fr\/advocnar_backup\/wp-content\/uploads\/2016\/04\/2006-MFE_Brohe_05_06.pdf\">Pr\u00e9sent\u00e9 par Arnaud Broh\u00e9<\/a>\u00a0vue de l&rsquo;obtention du grade acad\u00e9mique de Dipl\u00f4m\u00e9 d&rsquo;Etudes Sp\u00e9cialis\u00e9es en Gestion de l&rsquo;Environnement 2006<\/span><\/p>\n<p>[\/vc_column_text][\/vc_column][\/vc_row]<\/p>\n","protected":false},"excerpt":{"rendered":"<p>[vc_row type=\u00a0\u00bbcontainer\u00a0\u00bb padding_top=\u00a0\u00bb\u00a0\u00bb padding_bottom=\u00a0\u00bb\u00a0\u00bb][vc_column][vc_column_text] R\u00e9chauffement climatique \u00a0 Selon l\u2019Agence Europ\u00e9enne de l\u2019Environnement, les \u00e9missions de CO2 des vols internationaux au d\u00e9part de l\u2019Union Europ\u00e9enne ont augment\u00e9 de 85% entre 1990 et 2004. D\u2019apr\u00e8s le GIEC , (Rapport\u00ab l\u2019Aviation et l\u2019atmosph\u00e8re plan\u00e9taire \u00bb 1999), la pollution caus\u00e9e par les avions, tout confondu (CO2 plus autres effets), [&hellip;]<\/p>\n","protected":false},"author":18,"featured_media":0,"parent":71601,"menu_order":0,"comment_status":"closed","ping_status":"closed","template":"","meta":{"footnotes":""},"yoast_head":"<!-- This site is optimized with the Yoast SEO plugin v22.0 - https:\/\/yoast.com\/wordpress\/plugins\/seo\/ -->\n<title>R\u00e9chauffement climatique - Advocnar<\/title>\n<meta name=\"robots\" content=\"index, follow, max-snippet:-1, max-image-preview:large, max-video-preview:-1\" \/>\n<link rel=\"canonical\" href=\"https:\/\/www.clients.horus-informatique71.fr\/advocnar_backup\/la-pollution\/rechauffement\/\" \/>\n<meta property=\"og:locale\" content=\"fr_FR\" \/>\n<meta property=\"og:type\" content=\"article\" \/>\n<meta property=\"og:title\" content=\"R\u00e9chauffement climatique - Advocnar\" \/>\n<meta property=\"og:description\" content=\"[vc_row type=\u00a0\u00bbcontainer\u00a0\u00bb padding_top=\u00a0\u00bb\u00a0\u00bb padding_bottom=\u00a0\u00bb\u00a0\u00bb][vc_column][vc_column_text] R\u00e9chauffement climatique \u00a0 Selon l\u2019Agence Europ\u00e9enne de l\u2019Environnement, les \u00e9missions de CO2 des vols internationaux au d\u00e9part de l\u2019Union Europ\u00e9enne ont augment\u00e9 de 85% entre 1990 et 2004. D\u2019apr\u00e8s le GIEC , (Rapport\u00ab l\u2019Aviation et l\u2019atmosph\u00e8re plan\u00e9taire \u00bb 1999), la pollution caus\u00e9e par les avions, tout confondu (CO2 plus autres effets), [&hellip;]\" \/>\n<meta property=\"og:url\" content=\"https:\/\/www.clients.horus-informatique71.fr\/advocnar_backup\/la-pollution\/rechauffement\/\" \/>\n<meta property=\"og:site_name\" content=\"Advocnar\" \/>\n<meta property=\"article:modified_time\" content=\"2021-04-16T13:01:08+00:00\" \/>\n<meta name=\"twitter:card\" content=\"summary_large_image\" \/>\n<meta name=\"twitter:label1\" content=\"Dur\u00e9e de lecture estim\u00e9e\" \/>\n\t<meta name=\"twitter:data1\" content=\"2 minutes\" \/>\n<script type=\"application\/ld+json\" class=\"yoast-schema-graph\">{\"@context\":\"https:\/\/schema.org\",\"@graph\":[{\"@type\":\"WebPage\",\"@id\":\"https:\/\/www.clients.horus-informatique71.fr\/advocnar_backup\/la-pollution\/rechauffement\/\",\"url\":\"https:\/\/www.clients.horus-informatique71.fr\/advocnar_backup\/la-pollution\/rechauffement\/\",\"name\":\"R\u00e9chauffement climatique - Advocnar\",\"isPartOf\":{\"@id\":\"https:\/\/www.clients.horus-informatique71.fr\/advocnar_backup\/#website\"},\"datePublished\":\"2016-04-27T12:18:41+00:00\",\"dateModified\":\"2021-04-16T13:01:08+00:00\",\"breadcrumb\":{\"@id\":\"https:\/\/www.clients.horus-informatique71.fr\/advocnar_backup\/la-pollution\/rechauffement\/#breadcrumb\"},\"inLanguage\":\"fr-FR\",\"potentialAction\":[{\"@type\":\"ReadAction\",\"target\":[\"https:\/\/www.clients.horus-informatique71.fr\/advocnar_backup\/la-pollution\/rechauffement\/\"]}]},{\"@type\":\"BreadcrumbList\",\"@id\":\"https:\/\/www.clients.horus-informatique71.fr\/advocnar_backup\/la-pollution\/rechauffement\/#breadcrumb\",\"itemListElement\":[{\"@type\":\"ListItem\",\"position\":1,\"name\":\"Accueil\",\"item\":\"https:\/\/www.clients.horus-informatique71.fr\/advocnar_backup\/\"},{\"@type\":\"ListItem\",\"position\":2,\"name\":\"La pollution\",\"item\":\"https:\/\/www.clients.horus-informatique71.fr\/advocnar_backup\/la-pollution\/\"},{\"@type\":\"ListItem\",\"position\":3,\"name\":\"R\u00e9chauffement climatique\"}]},{\"@type\":\"WebSite\",\"@id\":\"https:\/\/www.clients.horus-informatique71.fr\/advocnar_backup\/#website\",\"url\":\"https:\/\/www.clients.horus-informatique71.fr\/advocnar_backup\/\",\"name\":\"Advocnar\",\"description\":\"Association de D\u00e9fense Contre les Nuisances A\u00e9riennes\",\"potentialAction\":[{\"@type\":\"SearchAction\",\"target\":{\"@type\":\"EntryPoint\",\"urlTemplate\":\"https:\/\/www.clients.horus-informatique71.fr\/advocnar_backup\/?s={search_term_string}\"},\"query-input\":\"required name=search_term_string\"}],\"inLanguage\":\"fr-FR\"}]}<\/script>\n<!-- \/ Yoast SEO plugin. -->","yoast_head_json":{"title":"R\u00e9chauffement climatique - Advocnar","robots":{"index":"index","follow":"follow","max-snippet":"max-snippet:-1","max-image-preview":"max-image-preview:large","max-video-preview":"max-video-preview:-1"},"canonical":"https:\/\/www.clients.horus-informatique71.fr\/advocnar_backup\/la-pollution\/rechauffement\/","og_locale":"fr_FR","og_type":"article","og_title":"R\u00e9chauffement climatique - Advocnar","og_description":"[vc_row type=\u00a0\u00bbcontainer\u00a0\u00bb padding_top=\u00a0\u00bb\u00a0\u00bb padding_bottom=\u00a0\u00bb\u00a0\u00bb][vc_column][vc_column_text] R\u00e9chauffement climatique \u00a0 Selon l\u2019Agence Europ\u00e9enne de l\u2019Environnement, les \u00e9missions de CO2 des vols internationaux au d\u00e9part de l\u2019Union Europ\u00e9enne ont augment\u00e9 de 85% entre 1990 et 2004. D\u2019apr\u00e8s le GIEC , (Rapport\u00ab l\u2019Aviation et l\u2019atmosph\u00e8re plan\u00e9taire \u00bb 1999), la pollution caus\u00e9e par les avions, tout confondu (CO2 plus autres effets), [&hellip;]","og_url":"https:\/\/www.clients.horus-informatique71.fr\/advocnar_backup\/la-pollution\/rechauffement\/","og_site_name":"Advocnar","article_modified_time":"2021-04-16T13:01:08+00:00","twitter_card":"summary_large_image","twitter_misc":{"Dur\u00e9e de lecture estim\u00e9e":"2 minutes"},"schema":{"@context":"https:\/\/schema.org","@graph":[{"@type":"WebPage","@id":"https:\/\/www.clients.horus-informatique71.fr\/advocnar_backup\/la-pollution\/rechauffement\/","url":"https:\/\/www.clients.horus-informatique71.fr\/advocnar_backup\/la-pollution\/rechauffement\/","name":"R\u00e9chauffement climatique - Advocnar","isPartOf":{"@id":"https:\/\/www.clients.horus-informatique71.fr\/advocnar_backup\/#website"},"datePublished":"2016-04-27T12:18:41+00:00","dateModified":"2021-04-16T13:01:08+00:00","breadcrumb":{"@id":"https:\/\/www.clients.horus-informatique71.fr\/advocnar_backup\/la-pollution\/rechauffement\/#breadcrumb"},"inLanguage":"fr-FR","potentialAction":[{"@type":"ReadAction","target":["https:\/\/www.clients.horus-informatique71.fr\/advocnar_backup\/la-pollution\/rechauffement\/"]}]},{"@type":"BreadcrumbList","@id":"https:\/\/www.clients.horus-informatique71.fr\/advocnar_backup\/la-pollution\/rechauffement\/#breadcrumb","itemListElement":[{"@type":"ListItem","position":1,"name":"Accueil","item":"https:\/\/www.clients.horus-informatique71.fr\/advocnar_backup\/"},{"@type":"ListItem","position":2,"name":"La pollution","item":"https:\/\/www.clients.horus-informatique71.fr\/advocnar_backup\/la-pollution\/"},{"@type":"ListItem","position":3,"name":"R\u00e9chauffement climatique"}]},{"@type":"WebSite","@id":"https:\/\/www.clients.horus-informatique71.fr\/advocnar_backup\/#website","url":"https:\/\/www.clients.horus-informatique71.fr\/advocnar_backup\/","name":"Advocnar","description":"Association de D\u00e9fense Contre les Nuisances A\u00e9riennes","potentialAction":[{"@type":"SearchAction","target":{"@type":"EntryPoint","urlTemplate":"https:\/\/www.clients.horus-informatique71.fr\/advocnar_backup\/?s={search_term_string}"},"query-input":"required name=search_term_string"}],"inLanguage":"fr-FR"}]}},"_links":{"self":[{"href":"https:\/\/www.clients.horus-informatique71.fr\/advocnar_backup\/wp-json\/wp\/v2\/pages\/71603"}],"collection":[{"href":"https:\/\/www.clients.horus-informatique71.fr\/advocnar_backup\/wp-json\/wp\/v2\/pages"}],"about":[{"href":"https:\/\/www.clients.horus-informatique71.fr\/advocnar_backup\/wp-json\/wp\/v2\/types\/page"}],"author":[{"embeddable":true,"href":"https:\/\/www.clients.horus-informatique71.fr\/advocnar_backup\/wp-json\/wp\/v2\/users\/18"}],"replies":[{"embeddable":true,"href":"https:\/\/www.clients.horus-informatique71.fr\/advocnar_backup\/wp-json\/wp\/v2\/comments?post=71603"}],"version-history":[{"count":4,"href":"https:\/\/www.clients.horus-informatique71.fr\/advocnar_backup\/wp-json\/wp\/v2\/pages\/71603\/revisions"}],"predecessor-version":[{"id":76888,"href":"https:\/\/www.clients.horus-informatique71.fr\/advocnar_backup\/wp-json\/wp\/v2\/pages\/71603\/revisions\/76888"}],"up":[{"embeddable":true,"href":"https:\/\/www.clients.horus-informatique71.fr\/advocnar_backup\/wp-json\/wp\/v2\/pages\/71601"}],"wp:attachment":[{"href":"https:\/\/www.clients.horus-informatique71.fr\/advocnar_backup\/wp-json\/wp\/v2\/media?parent=71603"}],"curies":[{"name":"wp","href":"https:\/\/api.w.org\/{rel}","templated":true}]}}

Réchauffement climatique

<p>[vc_row type= »container » padding_top= » » padding_bottom= » »][vc_column][vc_column_text]</p>
<h3>Réchauffement climatique</h3>
<p><strong> </strong></p>
<p>Selon l’Agence Européenne de l’Environnement, les émissions de CO2 des vols internationaux au départ de l’Union Européenne ont augmenté de 85% entre 1990 et 2004.</p>
<p>D’après le <a href="http://www.ipcc.ch/">GIEC</a> , (<a href="https://www.clients.horus-informatique71.fr/advocnar_backup/wp-content/uploads/2016/04/Aviation-et-Athmosphere-Planetaire-GIEC-1999.pdf" rel="">Rapport</a>« l’Aviation et l’atmosphère planétaire » 1999), la pollution causée par les avions, tout confondu (CO2 plus autres effets), contribuait, en 1992, pour 4 à 8% à l’effet de serre. Elle aura triplé d’ici à 2015 si rien n’est fait pour maîtriser le transport aérien, et pourrait dépasser ainsi la contribution de l’agriculture.</p>
<p>L’industrie et les compagnies aériennes minimisent systématiquement les chiffres, d’une part, en ne faisant état que du CO2 et non des autres émissions et effets associés et, d’autre part, en faisant référence à 1992.</p>
<p>En savoir plus<br />
Les Amis de la Terre du Royaume-Uni ont calculé que si le transport aérien continuait à se développer dans leur pays à son rythme actuel, tous les efforts du pays pour maîtriser ses émissions de gaz à effet de serre seraient annulés en 2020.</p>
<p>En 2000, le transport aérien était responsable de 35 millions de tonnes de CO2 sur les 900 millions émises dans l’Europe des quinze. En 2030, il devrait en émettre 100 millions si sa croissance se poursuit au rythme actuel.</p>
<p>Or pour l’instant, le trafic aérien échappe à toutes contraintes :</p>
<p>•exclusion du protocole de Kyoto. Depuis peu, le calcul de la contribution globale du trafic aérien a été introduit mais sans qu’aucun objectif par pays n’ait été fixé ;<br />
•pas de taxes sur le kérosène pour l’aviation commerciale ;<br />
•taxe de 5,5% sur les billets d’avions .[/vc_column_text][/vc_column][/vc_row][vc_row type= »container » padding_top= » » padding_bottom= » »][vc_column][vc_column_text]</p>
<p align="justify"><span style="font-size: small;"><strong><a href="https://www.clients.horus-informatique71.fr/advocnar_backup/wp-content/uploads/2017/03/2007-03_te_annual_report_2006.pdf">« Clearing the air,</a> , The Myth and Reality of Aviation and Climate Change »</strong> de T&amp;E &#8211; European Federation for Transport and Environment et CAN-Europe – Climate Action Network Europe  2007</span></p>
<p align="justify"><strong><br />
<span style="font-size: small;">« Prise en compte des émissions de l’aviation civile internationale dans un régime post-Kyoto ».</span></strong><br />
<span style="font-size: small;"><a href="https://www.clients.horus-informatique71.fr/advocnar_backup/wp-content/uploads/2016/04/2006-MFE_Brohe_05_06.pdf">Présenté par Arnaud Brohé</a> vue de l&rsquo;obtention du grade académique de Diplômé d&rsquo;Etudes Spécialisées en Gestion de l&rsquo;Environnement 2006</span></p>
<p>[/vc_column_text][/vc_column][/vc_row]</p>

<p>[vc_row type= »container » padding_top= » » padding_bottom= » »][vc_column][vc_column_text] Réchauffement climatique   Selon l’Agence Européenne de l’Environnement, les émissions de CO2 des vols internationaux au départ de l’Union Européenne ont augmenté de 85% entre 1990 et 2004. D’après le GIEC , (Rapport« l’Aviation et l’atmosphère planétaire » 1999), la pollution causée par les avions, tout confondu (CO2 plus autres effets), [&hellip;]</p>

<!-- This site is optimized with the Yoast SEO plugin v22.0 - https://yoast.com/wordpress/plugins/seo/ -->
<title>Réchauffement climatique - Advocnar</title>
<meta name="robots" content="index, follow, max-snippet:-1, max-image-preview:large, max-video-preview:-1" />
<link rel="canonical" href="https://www.clients.horus-informatique71.fr/advocnar_backup/la-pollution/rechauffement/" />
<meta property="og:locale" content="fr_FR" />
<meta property="og:type" content="article" />
<meta property="og:title" content="Réchauffement climatique - Advocnar" />
<meta property="og:description" content="[vc_row type= »container » padding_top= » » padding_bottom= » »][vc_column][vc_column_text] Réchauffement climatique   Selon l’Agence Européenne de l’Environnement, les émissions de CO2 des vols internationaux au départ de l’Union Européenne ont augmenté de 85% entre 1990 et 2004. D’après le GIEC , (Rapport« l’Aviation et l’atmosphère planétaire » 1999), la pollution causée par les avions, tout confondu (CO2 plus autres effets), [&hellip;]" />
<meta property="og:url" content="https://www.clients.horus-informatique71.fr/advocnar_backup/la-pollution/rechauffement/" />
<meta property="og:site_name" content="Advocnar" />
<meta property="article:modified_time" content="2021-04-16T13:01:08+00:00" />
<meta name="twitter:card" content="summary_large_image" />
<meta name="twitter:label1" content="Durée de lecture estimée" />
	<meta name="twitter:data1" content="2 minutes" />
<script type="application/ld+json" class="yoast-schema-graph">{"@context":"https://schema.org","@graph":[{"@type":"WebPage","@id":"https://www.clients.horus-informatique71.fr/advocnar_backup/la-pollution/rechauffement/","url":"https://www.clients.horus-informatique71.fr/advocnar_backup/la-pollution/rechauffement/","name":"Réchauffement climatique - Advocnar","isPartOf":{"@id":"https://www.clients.horus-informatique71.fr/advocnar_backup/#website"},"datePublished":"2016-04-27T12:18:41+00:00","dateModified":"2021-04-16T13:01:08+00:00","breadcrumb":{"@id":"https://www.clients.horus-informatique71.fr/advocnar_backup/la-pollution/rechauffement/#breadcrumb"},"inLanguage":"fr-FR","potentialAction":[{"@type":"ReadAction","target":["https://www.clients.horus-informatique71.fr/advocnar_backup/la-pollution/rechauffement/"]}]},{"@type":"BreadcrumbList","@id":"https://www.clients.horus-informatique71.fr/advocnar_backup/la-pollution/rechauffement/#breadcrumb","itemListElement":[{"@type":"ListItem","position":1,"name":"Accueil","item":"https://www.clients.horus-informatique71.fr/advocnar_backup/"},{"@type":"ListItem","position":2,"name":"La pollution","item":"https://www.clients.horus-informatique71.fr/advocnar_backup/la-pollution/"},{"@type":"ListItem","position":3,"name":"Réchauffement climatique"}]},{"@type":"WebSite","@id":"https://www.clients.horus-informatique71.fr/advocnar_backup/#website","url":"https://www.clients.horus-informatique71.fr/advocnar_backup/","name":"Advocnar","description":"Association de Défense Contre les Nuisances Aériennes","potentialAction":[{"@type":"SearchAction","target":{"@type":"EntryPoint","urlTemplate":"https://www.clients.horus-informatique71.fr/advocnar_backup/?s={search_term_string}"},"query-input":"required name=search_term_string"}],"inLanguage":"fr-FR"}]}</script>
<!-- / Yoast SEO plugin. -->

Réchauffement climatique - Advocnar

[vc_row type= »container » padding_top= » » padding_bottom= » »][vc_column][vc_column_text] Réchauffement climatique   Selon l’Agence Européenne de l’Environnement, les émissions de CO2 des vols internationaux au départ de l’Union Européenne ont augmenté de 85% entre 1990 et 2004. D’après le GIEC , (Rapport« l’Aviation et l’atmosphère planétaire » 1999), la pollution causée par les avions, tout confondu (CO2 plus autres effets), [&hellip;]

Association de Défense Contre les Nuisances Aériennes
