{"id":71607,"date":"2016-04-27T13:19:20","date_gmt":"2016-04-27T12:19:20","guid":{"rendered":"https:\/\/www.clients.horus-informatique71.fr\/advocnar_backup\/?page_id=71607"},"modified":"2016-05-21T21:39:07","modified_gmt":"2016-05-21T20:39:07","slug":"airparif","status":"publish","type":"page","link":"https:\/\/www.clients.horus-informatique71.fr\/advocnar_backup\/la-pollution\/airparif\/","title":{"rendered":"AirParif"},"content":{"rendered":"<h3>\n<img loading=\"lazy\" decoding=\"async\" width=\"176\" height=\"112\" class=\"alignleft size-full wp-image-72092\" src=\"https:\/\/www.clients.horus-informatique71.fr\/advocnar_backup\/wp-content\/uploads\/2016\/04\/telechargement-2.jpg\" alt=\"logo d'Airparif\" \/>AirParif<\/h3>\n<p><strong>Qui est AirParif ?<\/strong><\/p>\n<p>C&rsquo;est une association loi 1901 \u00e0 but non lucratif agr\u00e9\u00e9e par le Ministre charg\u00e9 de l&rsquo;environnement pour la surveillance de la qualit\u00e9 de l&rsquo;air en Ile-de-France.<\/p>\n<p>AirParif existe depuis 1979.<\/p>\n<p><strong>Ses missions<\/strong><\/p>\n<ul>\n<li>Surveiller la qualit\u00e9 de l&rsquo;air gr\u00e2ce \u00e0 un dispositif de mesure et \u00e0 des outils de mod\u00e9lisation<\/li>\n<li>Comprendre et analyser les ph\u00e9nom\u00e8nes de pollution<\/li>\n<li>Participer au dispositif op\u00e9rationnel d&rsquo;alerte en cas d&rsquo;\u00e9pisode de pollution, pr\u00e9voir et d\u00e9tecter les d\u00e9passements<\/li>\n<li>Informer les citiyens, les m\u00e9dias, les autorit\u00e9s et les d\u00e9cideurs<\/li>\n<li>Evaluer les actions de lutte contre la pollution atmosph\u00e9rique mises en place ou envisag\u00e9es par les autorit\u00e9s<\/li>\n<li>Pr\u00e9voir et diffuser chaque jour la qualit\u00e9 de l&rsquo;air<\/li>\n<li>Et en particulier, concernant les a\u00e9roports franciliens:<br \/>\nDescription des niveaux de pollution autour des a\u00e9roports d&rsquo;Orly et Roissy CDG<\/li>\n<\/ul>\n<p>Pour acc\u00e9der au site d&rsquo;<a href=\"http:\/\/www.airparif.asso.fr\/\">AirParif<\/a><\/p>\n<p>&nbsp;<\/p>\n","protected":false},"excerpt":{"rendered":"<p>AirParif Qui est AirParif ? C&rsquo;est une association loi 1901 \u00e0 but non lucratif agr\u00e9\u00e9e par le Ministre charg\u00e9 de l&rsquo;environnement pour la surveillance de la qualit\u00e9 de l&rsquo;air en Ile-de-France. AirParif existe depuis 1979. Ses missions Surveiller la qualit\u00e9 de l&rsquo;air gr\u00e2ce \u00e0 un dispositif de mesure et \u00e0 des outils de mod\u00e9lisation Comprendre [&hellip;]<\/p>\n","protected":false},"author":18,"featured_media":0,"parent":71601,"menu_order":0,"comment_status":"closed","ping_status":"closed","template":"","meta":{"footnotes":""},"yoast_head":"<!-- This site is optimized with the Yoast SEO plugin v22.0 - https:\/\/yoast.com\/wordpress\/plugins\/seo\/ -->\n<title>AirParif - Advocnar<\/title>\n<meta name=\"robots\" content=\"index, follow, max-snippet:-1, max-image-preview:large, max-video-preview:-1\" \/>\n<link rel=\"canonical\" href=\"https:\/\/www.clients.horus-informatique71.fr\/advocnar_backup\/la-pollution\/airparif\/\" \/>\n<meta property=\"og:locale\" content=\"fr_FR\" \/>\n<meta property=\"og:type\" content=\"article\" \/>\n<meta property=\"og:title\" content=\"AirParif - Advocnar\" \/>\n<meta property=\"og:description\" content=\"AirParif Qui est AirParif ? C&rsquo;est une association loi 1901 \u00e0 but non lucratif agr\u00e9\u00e9e par le Ministre charg\u00e9 de l&rsquo;environnement pour la surveillance de la qualit\u00e9 de l&rsquo;air en Ile-de-France. AirParif existe depuis 1979. Ses missions Surveiller la qualit\u00e9 de l&rsquo;air gr\u00e2ce \u00e0 un dispositif de mesure et \u00e0 des outils de mod\u00e9lisation Comprendre [&hellip;]\" \/>\n<meta property=\"og:url\" content=\"https:\/\/www.clients.horus-informatique71.fr\/advocnar_backup\/la-pollution\/airparif\/\" \/>\n<meta property=\"og:site_name\" content=\"Advocnar\" \/>\n<meta property=\"article:modified_time\" content=\"2016-05-21T20:39:07+00:00\" \/>\n<meta property=\"og:image\" content=\"https:\/\/www.advocnar.frwp-content\/uploads\/2016\/04\/telechargement-2.jpg\" \/>\n<meta name=\"twitter:card\" content=\"summary_large_image\" \/>\n<meta name=\"twitter:label1\" content=\"Dur\u00e9e de lecture estim\u00e9e\" \/>\n\t<meta name=\"twitter:data1\" content=\"1 minute\" \/>\n<script type=\"application\/ld+json\" class=\"yoast-schema-graph\">{\"@context\":\"https:\/\/schema.org\",\"@graph\":[{\"@type\":\"WebPage\",\"@id\":\"https:\/\/www.clients.horus-informatique71.fr\/advocnar_backup\/la-pollution\/airparif\/\",\"url\":\"https:\/\/www.clients.horus-informatique71.fr\/advocnar_backup\/la-pollution\/airparif\/\",\"name\":\"AirParif - Advocnar\",\"isPartOf\":{\"@id\":\"https:\/\/www.clients.horus-informatique71.fr\/advocnar_backup\/#website\"},\"datePublished\":\"2016-04-27T12:19:20+00:00\",\"dateModified\":\"2016-05-21T20:39:07+00:00\",\"breadcrumb\":{\"@id\":\"https:\/\/www.clients.horus-informatique71.fr\/advocnar_backup\/la-pollution\/airparif\/#breadcrumb\"},\"inLanguage\":\"fr-FR\",\"potentialAction\":[{\"@type\":\"ReadAction\",\"target\":[\"https:\/\/www.clients.horus-informatique71.fr\/advocnar_backup\/la-pollution\/airparif\/\"]}]},{\"@type\":\"BreadcrumbList\",\"@id\":\"https:\/\/www.clients.horus-informatique71.fr\/advocnar_backup\/la-pollution\/airparif\/#breadcrumb\",\"itemListElement\":[{\"@type\":\"ListItem\",\"position\":1,\"name\":\"Accueil\",\"item\":\"https:\/\/www.clients.horus-informatique71.fr\/advocnar_backup\/\"},{\"@type\":\"ListItem\",\"position\":2,\"name\":\"La pollution\",\"item\":\"https:\/\/www.clients.horus-informatique71.fr\/advocnar_backup\/la-pollution\/\"},{\"@type\":\"ListItem\",\"position\":3,\"name\":\"AirParif\"}]},{\"@type\":\"WebSite\",\"@id\":\"https:\/\/www.clients.horus-informatique71.fr\/advocnar_backup\/#website\",\"url\":\"https:\/\/www.clients.horus-informatique71.fr\/advocnar_backup\/\",\"name\":\"Advocnar\",\"description\":\"Association de D\u00e9fense Contre les Nuisances A\u00e9riennes\",\"potentialAction\":[{\"@type\":\"SearchAction\",\"target\":{\"@type\":\"EntryPoint\",\"urlTemplate\":\"https:\/\/www.clients.horus-informatique71.fr\/advocnar_backup\/?s={search_term_string}\"},\"query-input\":\"required name=search_term_string\"}],\"inLanguage\":\"fr-FR\"}]}<\/script>\n<!-- \/ Yoast SEO plugin. -->","yoast_head_json":{"title":"AirParif - Advocnar","robots":{"index":"index","follow":"follow","max-snippet":"max-snippet:-1","max-image-preview":"max-image-preview:large","max-video-preview":"max-video-preview:-1"},"canonical":"https:\/\/www.clients.horus-informatique71.fr\/advocnar_backup\/la-pollution\/airparif\/","og_locale":"fr_FR","og_type":"article","og_title":"AirParif - Advocnar","og_description":"AirParif Qui est AirParif ? C&rsquo;est une association loi 1901 \u00e0 but non lucratif agr\u00e9\u00e9e par le Ministre charg\u00e9 de l&rsquo;environnement pour la surveillance de la qualit\u00e9 de l&rsquo;air en Ile-de-France. AirParif existe depuis 1979. Ses missions Surveiller la qualit\u00e9 de l&rsquo;air gr\u00e2ce \u00e0 un dispositif de mesure et \u00e0 des outils de mod\u00e9lisation Comprendre [&hellip;]","og_url":"https:\/\/www.clients.horus-informatique71.fr\/advocnar_backup\/la-pollution\/airparif\/","og_site_name":"Advocnar","article_modified_time":"2016-05-21T20:39:07+00:00","og_image":[{"url":"https:\/\/www.advocnar.frwp-content\/uploads\/2016\/04\/telechargement-2.jpg"}],"twitter_card":"summary_large_image","twitter_misc":{"Dur\u00e9e de lecture estim\u00e9e":"1 minute"},"schema":{"@context":"https:\/\/schema.org","@graph":[{"@type":"WebPage","@id":"https:\/\/www.clients.horus-informatique71.fr\/advocnar_backup\/la-pollution\/airparif\/","url":"https:\/\/www.clients.horus-informatique71.fr\/advocnar_backup\/la-pollution\/airparif\/","name":"AirParif - Advocnar","isPartOf":{"@id":"https:\/\/www.clients.horus-informatique71.fr\/advocnar_backup\/#website"},"datePublished":"2016-04-27T12:19:20+00:00","dateModified":"2016-05-21T20:39:07+00:00","breadcrumb":{"@id":"https:\/\/www.clients.horus-informatique71.fr\/advocnar_backup\/la-pollution\/airparif\/#breadcrumb"},"inLanguage":"fr-FR","potentialAction":[{"@type":"ReadAction","target":["https:\/\/www.clients.horus-informatique71.fr\/advocnar_backup\/la-pollution\/airparif\/"]}]},{"@type":"BreadcrumbList","@id":"https:\/\/www.clients.horus-informatique71.fr\/advocnar_backup\/la-pollution\/airparif\/#breadcrumb","itemListElement":[{"@type":"ListItem","position":1,"name":"Accueil","item":"https:\/\/www.clients.horus-informatique71.fr\/advocnar_backup\/"},{"@type":"ListItem","position":2,"name":"La pollution","item":"https:\/\/www.clients.horus-informatique71.fr\/advocnar_backup\/la-pollution\/"},{"@type":"ListItem","position":3,"name":"AirParif"}]},{"@type":"WebSite","@id":"https:\/\/www.clients.horus-informatique71.fr\/advocnar_backup\/#website","url":"https:\/\/www.clients.horus-informatique71.fr\/advocnar_backup\/","name":"Advocnar","description":"Association de D\u00e9fense Contre les Nuisances A\u00e9riennes","potentialAction":[{"@type":"SearchAction","target":{"@type":"EntryPoint","urlTemplate":"https:\/\/www.clients.horus-informatique71.fr\/advocnar_backup\/?s={search_term_string}"},"query-input":"required name=search_term_string"}],"inLanguage":"fr-FR"}]}},"_links":{"self":[{"href":"https:\/\/www.clients.horus-informatique71.fr\/advocnar_backup\/wp-json\/wp\/v2\/pages\/71607"}],"collection":[{"href":"https:\/\/www.clients.horus-informatique71.fr\/advocnar_backup\/wp-json\/wp\/v2\/pages"}],"about":[{"href":"https:\/\/www.clients.horus-informatique71.fr\/advocnar_backup\/wp-json\/wp\/v2\/types\/page"}],"author":[{"embeddable":true,"href":"https:\/\/www.clients.horus-informatique71.fr\/advocnar_backup\/wp-json\/wp\/v2\/users\/18"}],"replies":[{"embeddable":true,"href":"https:\/\/www.clients.horus-informatique71.fr\/advocnar_backup\/wp-json\/wp\/v2\/comments?post=71607"}],"version-history":[{"count":1,"href":"https:\/\/www.clients.horus-informatique71.fr\/advocnar_backup\/wp-json\/wp\/v2\/pages\/71607\/revisions"}],"predecessor-version":[{"id":71608,"href":"https:\/\/www.clients.horus-informatique71.fr\/advocnar_backup\/wp-json\/wp\/v2\/pages\/71607\/revisions\/71608"}],"up":[{"embeddable":true,"href":"https:\/\/www.clients.horus-informatique71.fr\/advocnar_backup\/wp-json\/wp\/v2\/pages\/71601"}],"wp:attachment":[{"href":"https:\/\/www.clients.horus-informatique71.fr\/advocnar_backup\/wp-json\/wp\/v2\/media?parent=71607"}],"curies":[{"name":"wp","href":"https:\/\/api.w.org\/{rel}","templated":true}]}}

<h3>
<img loading="lazy" decoding="async" width="176" height="112" class="alignleft size-full wp-image-72092" src="https://www.clients.horus-informatique71.fr/advocnar_backup/wp-content/uploads/2016/04/telechargement-2.jpg" alt="logo d'Airparif" />AirParif</h3>
<p><strong>Qui est AirParif ?</strong></p>
<p>C&rsquo;est une association loi 1901 à but non lucratif agréée par le Ministre chargé de l&rsquo;environnement pour la surveillance de la qualité de l&rsquo;air en Ile-de-France.</p>
<p>AirParif existe depuis 1979.</p>
<p><strong>Ses missions</strong></p>
<ul>
<li>Surveiller la qualité de l&rsquo;air grâce à un dispositif de mesure et à des outils de modélisation</li>
<li>Comprendre et analyser les phénomènes de pollution</li>
<li>Participer au dispositif opérationnel d&rsquo;alerte en cas d&rsquo;épisode de pollution, prévoir et détecter les dépassements</li>
<li>Informer les citiyens, les médias, les autorités et les décideurs</li>
<li>Evaluer les actions de lutte contre la pollution atmosphérique mises en place ou envisagées par les autorités</li>
<li>Prévoir et diffuser chaque jour la qualité de l&rsquo;air</li>
<li>Et en particulier, concernant les aéroports franciliens:<br />
Description des niveaux de pollution autour des aéroports d&rsquo;Orly et Roissy CDG</li>
</ul>
<p>Pour accéder au site d&rsquo;<a href="http://www.airparif.asso.fr/">AirParif</a></p>
<p>&nbsp;</p>

<p>AirParif Qui est AirParif ? C&rsquo;est une association loi 1901 à but non lucratif agréée par le Ministre chargé de l&rsquo;environnement pour la surveillance de la qualité de l&rsquo;air en Ile-de-France. AirParif existe depuis 1979. Ses missions Surveiller la qualité de l&rsquo;air grâce à un dispositif de mesure et à des outils de modélisation Comprendre [&hellip;]</p>

<!-- This site is optimized with the Yoast SEO plugin v22.0 - https://yoast.com/wordpress/plugins/seo/ -->
<title>AirParif - Advocnar</title>
<meta name="robots" content="index, follow, max-snippet:-1, max-image-preview:large, max-video-preview:-1" />
<link rel="canonical" href="https://www.clients.horus-informatique71.fr/advocnar_backup/la-pollution/airparif/" />
<meta property="og:locale" content="fr_FR" />
<meta property="og:type" content="article" />
<meta property="og:title" content="AirParif - Advocnar" />
<meta property="og:description" content="AirParif Qui est AirParif ? C&rsquo;est une association loi 1901 à but non lucratif agréée par le Ministre chargé de l&rsquo;environnement pour la surveillance de la qualité de l&rsquo;air en Ile-de-France. AirParif existe depuis 1979. Ses missions Surveiller la qualité de l&rsquo;air grâce à un dispositif de mesure et à des outils de modélisation Comprendre [&hellip;]" />
<meta property="og:url" content="https://www.clients.horus-informatique71.fr/advocnar_backup/la-pollution/airparif/" />
<meta property="og:site_name" content="Advocnar" />
<meta property="article:modified_time" content="2016-05-21T20:39:07+00:00" />
<meta property="og:image" content="https://www.advocnar.frwp-content/uploads/2016/04/telechargement-2.jpg" />
<meta name="twitter:card" content="summary_large_image" />
<meta name="twitter:label1" content="Durée de lecture estimée" />
	<meta name="twitter:data1" content="1 minute" />
<script type="application/ld+json" class="yoast-schema-graph">{"@context":"https://schema.org","@graph":[{"@type":"WebPage","@id":"https://www.clients.horus-informatique71.fr/advocnar_backup/la-pollution/airparif/","url":"https://www.clients.horus-informatique71.fr/advocnar_backup/la-pollution/airparif/","name":"AirParif - Advocnar","isPartOf":{"@id":"https://www.clients.horus-informatique71.fr/advocnar_backup/#website"},"datePublished":"2016-04-27T12:19:20+00:00","dateModified":"2016-05-21T20:39:07+00:00","breadcrumb":{"@id":"https://www.clients.horus-informatique71.fr/advocnar_backup/la-pollution/airparif/#breadcrumb"},"inLanguage":"fr-FR","potentialAction":[{"@type":"ReadAction","target":["https://www.clients.horus-informatique71.fr/advocnar_backup/la-pollution/airparif/"]}]},{"@type":"BreadcrumbList","@id":"https://www.clients.horus-informatique71.fr/advocnar_backup/la-pollution/airparif/#breadcrumb","itemListElement":[{"@type":"ListItem","position":1,"name":"Accueil","item":"https://www.clients.horus-informatique71.fr/advocnar_backup/"},{"@type":"ListItem","position":2,"name":"La pollution","item":"https://www.clients.horus-informatique71.fr/advocnar_backup/la-pollution/"},{"@type":"ListItem","position":3,"name":"AirParif"}]},{"@type":"WebSite","@id":"https://www.clients.horus-informatique71.fr/advocnar_backup/#website","url":"https://www.clients.horus-informatique71.fr/advocnar_backup/","name":"Advocnar","description":"Association de Défense Contre les Nuisances Aériennes","potentialAction":[{"@type":"SearchAction","target":{"@type":"EntryPoint","urlTemplate":"https://www.clients.horus-informatique71.fr/advocnar_backup/?s={search_term_string}"},"query-input":"required name=search_term_string"}],"inLanguage":"fr-FR"}]}</script>
<!-- / Yoast SEO plugin. -->

AirParif Qui est AirParif ? C&rsquo;est une association loi 1901 à but non lucratif agréée par le Ministre chargé de l&rsquo;environnement pour la surveillance de la qualité de l&rsquo;air en Ile-de-France. AirParif existe depuis 1979. Ses missions Surveiller la qualité de l&rsquo;air grâce à un dispositif de mesure et à des outils de modélisation Comprendre [&hellip;]

Association de Défense Contre les Nuisances Aériennes
