{"id":71611,"date":"2016-04-27T13:19:56","date_gmt":"2016-04-27T12:19:56","guid":{"rendered":"https:\/\/www.clients.horus-informatique71.fr\/advocnar_backup\/?page_id=71611"},"modified":"2016-06-23T10:01:22","modified_gmt":"2016-06-23T09:01:22","slug":"union-europeenne","status":"publish","type":"page","link":"https:\/\/www.clients.horus-informatique71.fr\/advocnar_backup\/cadre-reglementaire\/union-europeenne\/","title":{"rendered":"Union Europ\u00e9enne"},"content":{"rendered":"<p>La r\u00e9glementation communautaire s&rsquo;enrichit progressivement en textes relatifs au transport a\u00e9rien : r\u00e8glements, directives&#8230; Les\u00a0actes principaux\u00a0pr\u00e9sentant de l&rsquo;int\u00e9r\u00eat pour l&rsquo;ADVOCNAR sont indiqu\u00e9s ci-apr\u00e8s.<\/p>\n<p>Directive 2002\/30\/CE<br \/>\nLa directive\u00a02002\/30\/CE du Parlement europ\u00e9en et du Conseil du 26 mars 2002\u00a0est relative \u00e0 l&rsquo;\u00e9tablissement de\u00a0r\u00e8gles\u00a0et proc\u00e9dures concernant l&rsquo;introduction de restrictions d&rsquo;exploitation li\u00e9es au bruit dans les a\u00e9roports de la Communaut\u00e9. Elle vise \u00e0 att\u00e9nuer les nuisances sonores g\u00e9n\u00e9r\u00e9es par le trafic a\u00e9rien et \u00e0 pr\u00e9server l\u2019environnement d\u2019une mani\u00e8re compatible avec les exigences du march\u00e9 int\u00e9rieur de la communaut\u00e9 europ\u00e9enne.<br \/>\nCes r\u00e8gles se fondent sur \u00abl\u2019approche \u00e9quilibr\u00e9e\u00bb recommand\u00e9e par l&rsquo;OACI depuis octobre 2001, c&rsquo;est-\u00e0-dire l&rsquo;obligation de proc\u00e9der pr\u00e9alablement \u00e0 la mise en \u0153uvre de toute mesure de restriction \u00e0 une analyse co\u00fbts-avantages des autres solutions envisageables (mesures \u00e9conomiques, restriction d&rsquo;urbanisme, etc.). L&rsquo;approche comporte quatre \u00e9l\u00e9ments principaux, y compris la r\u00e9duction du bruit des avions \u00e0 la source, l&rsquo;am\u00e9nagement du territoire et des mesures de gestion, des proc\u00e9dures d&rsquo;exploitation antibruit et restrictions d&rsquo;exploitation. Le premier de ces \u00e9l\u00e9ments s\u2019int\u00e9resse aux recommandations de l&rsquo;OACI sur les normes de certification acoustique des moteurs d&rsquo;avions. La norme actuelle &lsquo;Chapitre 4&prime; est officiellement entr\u00e9e en vigueur le 1erjanvier 2006.\u00a0 La directive d\u00e9finit en outre les principes et les r\u00e8gles sur la fa\u00e7on de mener un processus d&rsquo;\u00e9valuation du bruit rendu obligatoire avant l&rsquo;introduction de restrictions d&rsquo;exploitation li\u00e9es au bruit.<br \/>\nLe 15 f\u00e9vrier 2008, la Commission a adopt\u00e9\u00a0un rapport sur l&rsquo;application de la directive 2002\/30\/CE. Elle\u00a0indique son intention d\u2019\u00e9tudier les moyens de clarifier les dispositions du texte et son champ d\u2019application. Elle constate que la directive n\u2019a \u00e9t\u00e9 utilis\u00e9e que dans un nombre limit\u00e9 d\u2019a\u00e9roports, alors que le nombre de personnes perturb\u00e9es par le bruit, en particulier la nuit, ne cesse d\u2019augmenter. L\u2019augmentation g\u00e9n\u00e9rale du trafic est en cause. La Commission indique notamment qu\u2019elle pourrait revoir la d\u00e9finition des avions qui peuvent faire l\u2019objet de restrictions d\u2019exploitation. Elle avance des estimations\u00a0pr\u00e9voyant que la croissance du nombre de personnes perturb\u00e9es par le bruit pourrait \u00eatre frein\u00e9e par une d\u00e9finition plus stricte des avions vis\u00e9s.<\/p>\n<p>L&rsquo;ADVOCNAR mise sur la l\u00e9gislation europ\u00e9enne pour r\u00e9duire les nuisances. Voir sa lettre de requ\u00eate \u00e0 la Commission europ\u00e9enne au sujet de l&rsquo;\u00e9volution\u00a0de la r\u00e8glementation communautaire.<\/p>\n<p>Directive 2002\/49\/CE<br \/>\nLa directive\u00a02002\/49\/CE du Parlement europ\u00e9en et du Conseil du 25 juin 2002, relative \u00e0 l&rsquo;\u00e9valuation et la gestion du bruit dans l&rsquo;environnement, en cours de transposition, pr\u00e9voit l\u2019\u00e9tablissement de cartes de bruit pour les a\u00e9rodromes dont le trafic annuel d\u00e9passe\u00a0\u00a0\u00a0 50 000 mouvements, \u00e0 l\u2019exception des mouvements effectu\u00e9s exclusivement \u00e0 des fins d\u2019entra\u00eenement sur des avions l\u00e9gers.<br \/>\nMises \u00e0 la disposition du public, les cartes de bruit sont des repr\u00e9sentations graphiques des niveaux de bruit, de 5 en 5 d\u00e9cibels, et des tableaux d\u2019estimation des populations touch\u00e9es par niveaux de bruit. Les cartes de bruit fondent les plans de pr\u00e9vention du bruit dans l\u2019environnement correspondant ; ces plans doivent \u00eatre publi\u00e9s le 18 juillet 2008 au plus tard. Pr\u00e9voyant la participation du public, ils consistent \u00e0 \u00e9tablir une planification des mesures de lutte contre le bruit. La directive s&rsquo;applique, entre autres lieux, aux grands a\u00e9roports et aux agglom\u00e9rations civiles.\u00a0 La Commission publiera en 2009 une synth\u00e8se des donn\u00e9es provenant des cartes de bruit et les plans d&rsquo;action ainsi qu&rsquo;un rapport sur l&rsquo;application de cette directive.<\/p>\n<p>Directive 2003\/87\/CE<br \/>\nLa directive 2003\/87\/CE du Parlement europ\u00e9en et du Conseil du 13 octobre 2003 \u00e9tablit un syst\u00e8me d&rsquo;\u00e9change de quotas d&rsquo;\u00e9mission de gaz \u00e0 effet de serre dans la Communaut\u00e9 et modifie la directive 96\/61\/CE du Conseil. Voir la proposition de directive modifiant la directive 2003\/87\/CE afin d&rsquo;int\u00e9grer les activit\u00e9s a\u00e9riennes dans le syst\u00e8me communautaire d&rsquo;\u00e9change de quotas d&rsquo;\u00e9mission de gaz \u00e0 effet de&rsquo; serre.<\/p>\n<p>Pour en savoir plus sur la r\u00e9glementation communautaire, voir le d\u00e9tail des actes<\/p>\n<p>Site de la r\u00e9glementation communautaire :\u00a0EUR-Lex<\/p>\n","protected":false},"excerpt":{"rendered":"<p>La r\u00e9glementation communautaire s&rsquo;enrichit progressivement en textes relatifs au transport a\u00e9rien : r\u00e8glements, directives&#8230; Les\u00a0actes principaux\u00a0pr\u00e9sentant de l&rsquo;int\u00e9r\u00eat pour l&rsquo;ADVOCNAR sont indiqu\u00e9s ci-apr\u00e8s. Directive 2002\/30\/CE La directive\u00a02002\/30\/CE du Parlement europ\u00e9en et du Conseil du 26 mars 2002\u00a0est relative \u00e0 l&rsquo;\u00e9tablissement de\u00a0r\u00e8gles\u00a0et proc\u00e9dures concernant l&rsquo;introduction de restrictions d&rsquo;exploitation li\u00e9es au bruit dans les a\u00e9roports de la [&hellip;]<\/p>\n","protected":false},"author":18,"featured_media":0,"parent":71609,"menu_order":0,"comment_status":"closed","ping_status":"closed","template":"","meta":{"footnotes":""},"yoast_head":"<!-- This site is optimized with the Yoast SEO plugin v22.0 - https:\/\/yoast.com\/wordpress\/plugins\/seo\/ -->\n<title>Union Europ\u00e9enne - Advocnar<\/title>\n<meta name=\"robots\" content=\"index, follow, max-snippet:-1, max-image-preview:large, max-video-preview:-1\" \/>\n<link rel=\"canonical\" href=\"https:\/\/www.clients.horus-informatique71.fr\/advocnar_backup\/cadre-reglementaire\/union-europeenne\/\" \/>\n<meta property=\"og:locale\" content=\"fr_FR\" \/>\n<meta property=\"og:type\" content=\"article\" \/>\n<meta property=\"og:title\" content=\"Union Europ\u00e9enne - Advocnar\" \/>\n<meta property=\"og:description\" content=\"La r\u00e9glementation communautaire s&rsquo;enrichit progressivement en textes relatifs au transport a\u00e9rien : r\u00e8glements, directives&#8230; Les\u00a0actes principaux\u00a0pr\u00e9sentant de l&rsquo;int\u00e9r\u00eat pour l&rsquo;ADVOCNAR sont indiqu\u00e9s ci-apr\u00e8s. Directive 2002\/30\/CE La directive\u00a02002\/30\/CE du Parlement europ\u00e9en et du Conseil du 26 mars 2002\u00a0est relative \u00e0 l&rsquo;\u00e9tablissement de\u00a0r\u00e8gles\u00a0et proc\u00e9dures concernant l&rsquo;introduction de restrictions d&rsquo;exploitation li\u00e9es au bruit dans les a\u00e9roports de la [&hellip;]\" \/>\n<meta property=\"og:url\" content=\"https:\/\/www.clients.horus-informatique71.fr\/advocnar_backup\/cadre-reglementaire\/union-europeenne\/\" \/>\n<meta property=\"og:site_name\" content=\"Advocnar\" \/>\n<meta property=\"article:modified_time\" content=\"2016-06-23T09:01:22+00:00\" \/>\n<meta name=\"twitter:card\" content=\"summary_large_image\" \/>\n<meta name=\"twitter:label1\" content=\"Dur\u00e9e de lecture estim\u00e9e\" \/>\n\t<meta name=\"twitter:data1\" content=\"4 minutes\" \/>\n<script type=\"application\/ld+json\" class=\"yoast-schema-graph\">{\"@context\":\"https:\/\/schema.org\",\"@graph\":[{\"@type\":\"WebPage\",\"@id\":\"https:\/\/www.clients.horus-informatique71.fr\/advocnar_backup\/cadre-reglementaire\/union-europeenne\/\",\"url\":\"https:\/\/www.clients.horus-informatique71.fr\/advocnar_backup\/cadre-reglementaire\/union-europeenne\/\",\"name\":\"Union Europ\u00e9enne - Advocnar\",\"isPartOf\":{\"@id\":\"https:\/\/www.clients.horus-informatique71.fr\/advocnar_backup\/#website\"},\"datePublished\":\"2016-04-27T12:19:56+00:00\",\"dateModified\":\"2016-06-23T09:01:22+00:00\",\"breadcrumb\":{\"@id\":\"https:\/\/www.clients.horus-informatique71.fr\/advocnar_backup\/cadre-reglementaire\/union-europeenne\/#breadcrumb\"},\"inLanguage\":\"fr-FR\",\"potentialAction\":[{\"@type\":\"ReadAction\",\"target\":[\"https:\/\/www.clients.horus-informatique71.fr\/advocnar_backup\/cadre-reglementaire\/union-europeenne\/\"]}]},{\"@type\":\"BreadcrumbList\",\"@id\":\"https:\/\/www.clients.horus-informatique71.fr\/advocnar_backup\/cadre-reglementaire\/union-europeenne\/#breadcrumb\",\"itemListElement\":[{\"@type\":\"ListItem\",\"position\":1,\"name\":\"Accueil\",\"item\":\"https:\/\/www.clients.horus-informatique71.fr\/advocnar_backup\/\"},{\"@type\":\"ListItem\",\"position\":2,\"name\":\"Cadre r\u00e9glementaire\",\"item\":\"https:\/\/www.clients.horus-informatique71.fr\/advocnar_backup\/cadre-reglementaire\/\"},{\"@type\":\"ListItem\",\"position\":3,\"name\":\"Union Europ\u00e9enne\"}]},{\"@type\":\"WebSite\",\"@id\":\"https:\/\/www.clients.horus-informatique71.fr\/advocnar_backup\/#website\",\"url\":\"https:\/\/www.clients.horus-informatique71.fr\/advocnar_backup\/\",\"name\":\"Advocnar\",\"description\":\"Association de D\u00e9fense Contre les Nuisances A\u00e9riennes\",\"potentialAction\":[{\"@type\":\"SearchAction\",\"target\":{\"@type\":\"EntryPoint\",\"urlTemplate\":\"https:\/\/www.clients.horus-informatique71.fr\/advocnar_backup\/?s={search_term_string}\"},\"query-input\":\"required name=search_term_string\"}],\"inLanguage\":\"fr-FR\"}]}<\/script>\n<!-- \/ Yoast SEO plugin. -->","yoast_head_json":{"title":"Union Europ\u00e9enne - Advocnar","robots":{"index":"index","follow":"follow","max-snippet":"max-snippet:-1","max-image-preview":"max-image-preview:large","max-video-preview":"max-video-preview:-1"},"canonical":"https:\/\/www.clients.horus-informatique71.fr\/advocnar_backup\/cadre-reglementaire\/union-europeenne\/","og_locale":"fr_FR","og_type":"article","og_title":"Union Europ\u00e9enne - Advocnar","og_description":"La r\u00e9glementation communautaire s&rsquo;enrichit progressivement en textes relatifs au transport a\u00e9rien : r\u00e8glements, directives&#8230; Les\u00a0actes principaux\u00a0pr\u00e9sentant de l&rsquo;int\u00e9r\u00eat pour l&rsquo;ADVOCNAR sont indiqu\u00e9s ci-apr\u00e8s. Directive 2002\/30\/CE La directive\u00a02002\/30\/CE du Parlement europ\u00e9en et du Conseil du 26 mars 2002\u00a0est relative \u00e0 l&rsquo;\u00e9tablissement de\u00a0r\u00e8gles\u00a0et proc\u00e9dures concernant l&rsquo;introduction de restrictions d&rsquo;exploitation li\u00e9es au bruit dans les a\u00e9roports de la [&hellip;]","og_url":"https:\/\/www.clients.horus-informatique71.fr\/advocnar_backup\/cadre-reglementaire\/union-europeenne\/","og_site_name":"Advocnar","article_modified_time":"2016-06-23T09:01:22+00:00","twitter_card":"summary_large_image","twitter_misc":{"Dur\u00e9e de lecture estim\u00e9e":"4 minutes"},"schema":{"@context":"https:\/\/schema.org","@graph":[{"@type":"WebPage","@id":"https:\/\/www.clients.horus-informatique71.fr\/advocnar_backup\/cadre-reglementaire\/union-europeenne\/","url":"https:\/\/www.clients.horus-informatique71.fr\/advocnar_backup\/cadre-reglementaire\/union-europeenne\/","name":"Union Europ\u00e9enne - Advocnar","isPartOf":{"@id":"https:\/\/www.clients.horus-informatique71.fr\/advocnar_backup\/#website"},"datePublished":"2016-04-27T12:19:56+00:00","dateModified":"2016-06-23T09:01:22+00:00","breadcrumb":{"@id":"https:\/\/www.clients.horus-informatique71.fr\/advocnar_backup\/cadre-reglementaire\/union-europeenne\/#breadcrumb"},"inLanguage":"fr-FR","potentialAction":[{"@type":"ReadAction","target":["https:\/\/www.clients.horus-informatique71.fr\/advocnar_backup\/cadre-reglementaire\/union-europeenne\/"]}]},{"@type":"BreadcrumbList","@id":"https:\/\/www.clients.horus-informatique71.fr\/advocnar_backup\/cadre-reglementaire\/union-europeenne\/#breadcrumb","itemListElement":[{"@type":"ListItem","position":1,"name":"Accueil","item":"https:\/\/www.clients.horus-informatique71.fr\/advocnar_backup\/"},{"@type":"ListItem","position":2,"name":"Cadre r\u00e9glementaire","item":"https:\/\/www.clients.horus-informatique71.fr\/advocnar_backup\/cadre-reglementaire\/"},{"@type":"ListItem","position":3,"name":"Union Europ\u00e9enne"}]},{"@type":"WebSite","@id":"https:\/\/www.clients.horus-informatique71.fr\/advocnar_backup\/#website","url":"https:\/\/www.clients.horus-informatique71.fr\/advocnar_backup\/","name":"Advocnar","description":"Association de D\u00e9fense Contre les Nuisances A\u00e9riennes","potentialAction":[{"@type":"SearchAction","target":{"@type":"EntryPoint","urlTemplate":"https:\/\/www.clients.horus-informatique71.fr\/advocnar_backup\/?s={search_term_string}"},"query-input":"required name=search_term_string"}],"inLanguage":"fr-FR"}]}},"_links":{"self":[{"href":"https:\/\/www.clients.horus-informatique71.fr\/advocnar_backup\/wp-json\/wp\/v2\/pages\/71611"}],"collection":[{"href":"https:\/\/www.clients.horus-informatique71.fr\/advocnar_backup\/wp-json\/wp\/v2\/pages"}],"about":[{"href":"https:\/\/www.clients.horus-informatique71.fr\/advocnar_backup\/wp-json\/wp\/v2\/types\/page"}],"author":[{"embeddable":true,"href":"https:\/\/www.clients.horus-informatique71.fr\/advocnar_backup\/wp-json\/wp\/v2\/users\/18"}],"replies":[{"embeddable":true,"href":"https:\/\/www.clients.horus-informatique71.fr\/advocnar_backup\/wp-json\/wp\/v2\/comments?post=71611"}],"version-history":[{"count":2,"href":"https:\/\/www.clients.horus-informatique71.fr\/advocnar_backup\/wp-json\/wp\/v2\/pages\/71611\/revisions"}],"predecessor-version":[{"id":73074,"href":"https:\/\/www.clients.horus-informatique71.fr\/advocnar_backup\/wp-json\/wp\/v2\/pages\/71611\/revisions\/73074"}],"up":[{"embeddable":true,"href":"https:\/\/www.clients.horus-informatique71.fr\/advocnar_backup\/wp-json\/wp\/v2\/pages\/71609"}],"wp:attachment":[{"href":"https:\/\/www.clients.horus-informatique71.fr\/advocnar_backup\/wp-json\/wp\/v2\/media?parent=71611"}],"curies":[{"name":"wp","href":"https:\/\/api.w.org\/{rel}","templated":true}]}}