{"id":71613,"date":"2016-04-27T13:20:11","date_gmt":"2016-04-27T12:20:11","guid":{"rendered":"https:\/\/www.clients.horus-informatique71.fr\/advocnar_backup\/?page_id=71613"},"modified":"2016-06-23T10:24:31","modified_gmt":"2016-06-23T09:24:31","slug":"international","status":"publish","type":"page","link":"https:\/\/www.clients.horus-informatique71.fr\/advocnar_backup\/cadre-reglementaire\/international\/","title":{"rendered":"International"},"content":{"rendered":"<p>OACI\u00a0: Organisation de l&rsquo;aviation civile internationale<\/p>\n<p>L&rsquo;Organisation de l&rsquo;aviation civile internationale, institution sp\u00e9cialis\u00e9e du syst\u00e8me des Nations Unies, est le forum mondial en mati\u00e8re d&rsquo;aviation civile.<\/p>\n<p>Chaque avion, avant sa mise en exploitation, fait l\u2019objet de mesures tr\u00e8s pr\u00e9cises de niveaux de bruit pour chaque phase importante de vol\u00a0: ces mesures, dites de \u00ab\u00a0Certification Acoustique\u00a0\u00bb sont normalis\u00e9es par l\u2019OACI. Elles sont faites pour chaque type de moteur qui \u00e9quipe la s\u00e9rie d\u2019avions concern\u00e9e.<\/p>\n<p>Ces r\u00e9sultats, dont l\u2019objet est de respecter les contraintes internationales en termes de g\u00eane sonore, traduisent mal la r\u00e9alit\u00e9 des niveaux de bruits per\u00e7us au sol par les riverains des a\u00e9roports.<\/p>\n<p>Les activit\u00e9s de l&rsquo;OACI se concentrent principalement sur les secteurs qui profitent le plus d&rsquo;une approche internationale concert\u00e9e, \u00e0 savoir le bruit des a\u00e9ronefs et l&rsquo;effet des \u00e9missions des moteurs d&rsquo;aviation.<\/p>\n<p>En savoir plus&#8230;<\/p>\n<p>EUROCONTROL\u00a0: Organisation Europ\u00e9enne pour la s\u00e9curit\u00e9 de la navigation a\u00e9rienne<br \/>\nhttp:\/\/www.eurocontrol.int\/<br \/>\nCr\u00e9\u00e9e en 1963 par six membres fondateurs, civils et militaires, cette organisation intergouvernementale qui compte d\u00e9sormais 38 \u00c9tats membres \u00e0 travers l&rsquo;Europe bas\u00e9e en Belgique, avec des bureaux sp\u00e9cialis\u00e9s dans six autres pays europ\u00e9ens. Son objectif est le d\u00e9veloppement d&rsquo;un mod\u00e8le paneurop\u00e9en de gestion du trafic a\u00e9rien inscrit dans le concept d&rsquo;un ciel unique europ\u00e9en.<\/p>\n<p>La Convention EUROCONTROL, sign\u00e9e par les Etats membres en 1997, mentionne dans son article premier que l&rsquo;on doit \u00ab\u00a0tenir compte de la n\u00e9cessit\u00e9 de r\u00e9duire au minimum [\u2026] tous les effets nocifs sur l&rsquo;environnement\u00a0\u00bb.<\/p>\n<p>Parmi les r\u00e9sultats des premi\u00e8res mesures prises dans ce sens figure la conclusion suivante :\u00a0\u00bbDes essais ont d\u00e9montr\u00e9 que l&rsquo;adoption d&rsquo;une trajectoire continue au cours de la descente avant l&rsquo;atterrissage des avions r\u00e9duit grandement les \u00e9missions, la consommation de carburant et le bruit. Cela s&rsquo;est av\u00e9r\u00e9 plus efficace que la descente par paliers\u00a0\u00bb.<\/p>\n","protected":false},"excerpt":{"rendered":"<p>OACI\u00a0: Organisation de l&rsquo;aviation civile internationale L&rsquo;Organisation de l&rsquo;aviation civile internationale, institution sp\u00e9cialis\u00e9e du syst\u00e8me des Nations Unies, est le forum mondial en mati\u00e8re d&rsquo;aviation civile. Chaque avion, avant sa mise en exploitation, fait l\u2019objet de mesures tr\u00e8s pr\u00e9cises de niveaux de bruit pour chaque phase importante de vol\u00a0: ces mesures, dites de \u00ab\u00a0Certification Acoustique\u00a0\u00bb [&hellip;]<\/p>\n","protected":false},"author":18,"featured_media":0,"parent":71609,"menu_order":0,"comment_status":"closed","ping_status":"closed","template":"","meta":{"footnotes":""},"yoast_head":"<!-- This site is optimized with the Yoast SEO plugin v22.0 - https:\/\/yoast.com\/wordpress\/plugins\/seo\/ -->\n<title>International - Advocnar<\/title>\n<meta name=\"robots\" content=\"index, follow, max-snippet:-1, max-image-preview:large, max-video-preview:-1\" \/>\n<link rel=\"canonical\" href=\"https:\/\/www.clients.horus-informatique71.fr\/advocnar_backup\/cadre-reglementaire\/international\/\" \/>\n<meta property=\"og:locale\" content=\"fr_FR\" \/>\n<meta property=\"og:type\" content=\"article\" \/>\n<meta property=\"og:title\" content=\"International - Advocnar\" \/>\n<meta property=\"og:description\" content=\"OACI\u00a0: Organisation de l&rsquo;aviation civile internationale L&rsquo;Organisation de l&rsquo;aviation civile internationale, institution sp\u00e9cialis\u00e9e du syst\u00e8me des Nations Unies, est le forum mondial en mati\u00e8re d&rsquo;aviation civile. Chaque avion, avant sa mise en exploitation, fait l\u2019objet de mesures tr\u00e8s pr\u00e9cises de niveaux de bruit pour chaque phase importante de vol\u00a0: ces mesures, dites de \u00ab\u00a0Certification Acoustique\u00a0\u00bb [&hellip;]\" \/>\n<meta property=\"og:url\" content=\"https:\/\/www.clients.horus-informatique71.fr\/advocnar_backup\/cadre-reglementaire\/international\/\" \/>\n<meta property=\"og:site_name\" content=\"Advocnar\" \/>\n<meta property=\"article:modified_time\" content=\"2016-06-23T09:24:31+00:00\" \/>\n<meta name=\"twitter:card\" content=\"summary_large_image\" \/>\n<meta name=\"twitter:label1\" content=\"Dur\u00e9e de lecture estim\u00e9e\" \/>\n\t<meta name=\"twitter:data1\" content=\"2 minutes\" \/>\n<script type=\"application\/ld+json\" class=\"yoast-schema-graph\">{\"@context\":\"https:\/\/schema.org\",\"@graph\":[{\"@type\":\"WebPage\",\"@id\":\"https:\/\/www.clients.horus-informatique71.fr\/advocnar_backup\/cadre-reglementaire\/international\/\",\"url\":\"https:\/\/www.clients.horus-informatique71.fr\/advocnar_backup\/cadre-reglementaire\/international\/\",\"name\":\"International - Advocnar\",\"isPartOf\":{\"@id\":\"https:\/\/www.clients.horus-informatique71.fr\/advocnar_backup\/#website\"},\"datePublished\":\"2016-04-27T12:20:11+00:00\",\"dateModified\":\"2016-06-23T09:24:31+00:00\",\"breadcrumb\":{\"@id\":\"https:\/\/www.clients.horus-informatique71.fr\/advocnar_backup\/cadre-reglementaire\/international\/#breadcrumb\"},\"inLanguage\":\"fr-FR\",\"potentialAction\":[{\"@type\":\"ReadAction\",\"target\":[\"https:\/\/www.clients.horus-informatique71.fr\/advocnar_backup\/cadre-reglementaire\/international\/\"]}]},{\"@type\":\"BreadcrumbList\",\"@id\":\"https:\/\/www.clients.horus-informatique71.fr\/advocnar_backup\/cadre-reglementaire\/international\/#breadcrumb\",\"itemListElement\":[{\"@type\":\"ListItem\",\"position\":1,\"name\":\"Accueil\",\"item\":\"https:\/\/www.clients.horus-informatique71.fr\/advocnar_backup\/\"},{\"@type\":\"ListItem\",\"position\":2,\"name\":\"Cadre r\u00e9glementaire\",\"item\":\"https:\/\/www.clients.horus-informatique71.fr\/advocnar_backup\/cadre-reglementaire\/\"},{\"@type\":\"ListItem\",\"position\":3,\"name\":\"International\"}]},{\"@type\":\"WebSite\",\"@id\":\"https:\/\/www.clients.horus-informatique71.fr\/advocnar_backup\/#website\",\"url\":\"https:\/\/www.clients.horus-informatique71.fr\/advocnar_backup\/\",\"name\":\"Advocnar\",\"description\":\"Association de D\u00e9fense Contre les Nuisances A\u00e9riennes\",\"potentialAction\":[{\"@type\":\"SearchAction\",\"target\":{\"@type\":\"EntryPoint\",\"urlTemplate\":\"https:\/\/www.clients.horus-informatique71.fr\/advocnar_backup\/?s={search_term_string}\"},\"query-input\":\"required name=search_term_string\"}],\"inLanguage\":\"fr-FR\"}]}<\/script>\n<!-- \/ Yoast SEO plugin. -->","yoast_head_json":{"title":"International - Advocnar","robots":{"index":"index","follow":"follow","max-snippet":"max-snippet:-1","max-image-preview":"max-image-preview:large","max-video-preview":"max-video-preview:-1"},"canonical":"https:\/\/www.clients.horus-informatique71.fr\/advocnar_backup\/cadre-reglementaire\/international\/","og_locale":"fr_FR","og_type":"article","og_title":"International - Advocnar","og_description":"OACI\u00a0: Organisation de l&rsquo;aviation civile internationale L&rsquo;Organisation de l&rsquo;aviation civile internationale, institution sp\u00e9cialis\u00e9e du syst\u00e8me des Nations Unies, est le forum mondial en mati\u00e8re d&rsquo;aviation civile. Chaque avion, avant sa mise en exploitation, fait l\u2019objet de mesures tr\u00e8s pr\u00e9cises de niveaux de bruit pour chaque phase importante de vol\u00a0: ces mesures, dites de \u00ab\u00a0Certification Acoustique\u00a0\u00bb [&hellip;]","og_url":"https:\/\/www.clients.horus-informatique71.fr\/advocnar_backup\/cadre-reglementaire\/international\/","og_site_name":"Advocnar","article_modified_time":"2016-06-23T09:24:31+00:00","twitter_card":"summary_large_image","twitter_misc":{"Dur\u00e9e de lecture estim\u00e9e":"2 minutes"},"schema":{"@context":"https:\/\/schema.org","@graph":[{"@type":"WebPage","@id":"https:\/\/www.clients.horus-informatique71.fr\/advocnar_backup\/cadre-reglementaire\/international\/","url":"https:\/\/www.clients.horus-informatique71.fr\/advocnar_backup\/cadre-reglementaire\/international\/","name":"International - Advocnar","isPartOf":{"@id":"https:\/\/www.clients.horus-informatique71.fr\/advocnar_backup\/#website"},"datePublished":"2016-04-27T12:20:11+00:00","dateModified":"2016-06-23T09:24:31+00:00","breadcrumb":{"@id":"https:\/\/www.clients.horus-informatique71.fr\/advocnar_backup\/cadre-reglementaire\/international\/#breadcrumb"},"inLanguage":"fr-FR","potentialAction":[{"@type":"ReadAction","target":["https:\/\/www.clients.horus-informatique71.fr\/advocnar_backup\/cadre-reglementaire\/international\/"]}]},{"@type":"BreadcrumbList","@id":"https:\/\/www.clients.horus-informatique71.fr\/advocnar_backup\/cadre-reglementaire\/international\/#breadcrumb","itemListElement":[{"@type":"ListItem","position":1,"name":"Accueil","item":"https:\/\/www.clients.horus-informatique71.fr\/advocnar_backup\/"},{"@type":"ListItem","position":2,"name":"Cadre r\u00e9glementaire","item":"https:\/\/www.clients.horus-informatique71.fr\/advocnar_backup\/cadre-reglementaire\/"},{"@type":"ListItem","position":3,"name":"International"}]},{"@type":"WebSite","@id":"https:\/\/www.clients.horus-informatique71.fr\/advocnar_backup\/#website","url":"https:\/\/www.clients.horus-informatique71.fr\/advocnar_backup\/","name":"Advocnar","description":"Association de D\u00e9fense Contre les Nuisances A\u00e9riennes","potentialAction":[{"@type":"SearchAction","target":{"@type":"EntryPoint","urlTemplate":"https:\/\/www.clients.horus-informatique71.fr\/advocnar_backup\/?s={search_term_string}"},"query-input":"required name=search_term_string"}],"inLanguage":"fr-FR"}]}},"_links":{"self":[{"href":"https:\/\/www.clients.horus-informatique71.fr\/advocnar_backup\/wp-json\/wp\/v2\/pages\/71613"}],"collection":[{"href":"https:\/\/www.clients.horus-informatique71.fr\/advocnar_backup\/wp-json\/wp\/v2\/pages"}],"about":[{"href":"https:\/\/www.clients.horus-informatique71.fr\/advocnar_backup\/wp-json\/wp\/v2\/types\/page"}],"author":[{"embeddable":true,"href":"https:\/\/www.clients.horus-informatique71.fr\/advocnar_backup\/wp-json\/wp\/v2\/users\/18"}],"replies":[{"embeddable":true,"href":"https:\/\/www.clients.horus-informatique71.fr\/advocnar_backup\/wp-json\/wp\/v2\/comments?post=71613"}],"version-history":[{"count":6,"href":"https:\/\/www.clients.horus-informatique71.fr\/advocnar_backup\/wp-json\/wp\/v2\/pages\/71613\/revisions"}],"predecessor-version":[{"id":73082,"href":"https:\/\/www.clients.horus-informatique71.fr\/advocnar_backup\/wp-json\/wp\/v2\/pages\/71613\/revisions\/73082"}],"up":[{"embeddable":true,"href":"https:\/\/www.clients.horus-informatique71.fr\/advocnar_backup\/wp-json\/wp\/v2\/pages\/71609"}],"wp:attachment":[{"href":"https:\/\/www.clients.horus-informatique71.fr\/advocnar_backup\/wp-json\/wp\/v2\/media?parent=71613"}],"curies":[{"name":"wp","href":"https:\/\/api.w.org\/{rel}","templated":true}]}}